CRAN Package Check Results for Package CTTinShiny

Last updated on 2024-07-15 02:48:09 CEST.

Flavor Version Tinstall Tcheck Ttotal Status Flags
r-devel-linux-x86_64-debian-clang 0.1.0 3.84 39.75 43.59 NOTE
r-devel-linux-x86_64-debian-gcc 0.1.0 3.96 29.91 33.87 NOTE
r-devel-linux-x86_64-fedora-clang 0.1.0 54.25 NOTE
r-devel-linux-x86_64-fedora-gcc 0.1.0 51.83 NOTE
r-devel-windows-x86_64 0.1.0 5.00 50.00 55.00 NOTE
r-patched-linux-x86_64 0.1.0 4.18 37.95 42.13 NOTE
r-release-linux-x86_64 0.1.0 4.51 36.80 41.31 NOTE
r-release-macos-arm64 0.1.0 21.00 NOTE
r-release-macos-x86_64 0.1.0 30.00 NOTE
r-release-windows-x86_64 0.1.0 5.00 51.00 56.00 NOTE
r-oldrel-macos-arm64 0.1.0 23.00 NOTE
r-oldrel-macos-x86_64 0.1.0 30.00 NOTE
r-oldrel-windows-x86_64 0.1.0 7.00 54.00 61.00 NOTE

Check Details

Version: 0.1.0
Check: LazyData
Result: NOTE 'LazyData' is specified without a 'data' directory Flavors: r-devel-linux-x86_64-debian-clang, r-devel-linux-x86_64-debian-gcc, r-devel-linux-x86_64-fedora-clang, r-devel-linux-x86_64-fedora-gcc, r-devel-windows-x86_64, r-patched-linux-x86_64, r-release-linux-x86_64, r-release-macos-arm64, r-release-macos-x86_64, r-release-windows-x86_64, r-oldrel-macos-arm64, r-oldrel-macos-x86_64, r-oldrel-windows-x86_64