Last updated on 2023-01-30 10:51:55 CET.
Flavor | Version | Tinstall | Tcheck | Ttotal | Status | Flags |
---|---|---|---|---|---|---|
r-devel-linux-x86_64-debian-clang | 3.7.2 | 72.88 | 725.57 | 798.45 | OK | |
r-devel-linux-x86_64-debian-gcc | 3.7.2 | 62.39 | 547.28 | 609.67 | OK | |
r-devel-linux-x86_64-fedora-clang | 3.7.2 | 1022.35 | NOTE | |||
r-devel-linux-x86_64-fedora-gcc | 3.7.2 | 1050.91 | NOTE | |||
r-devel-windows-x86_64 | 3.7.2 | 120.00 | 784.00 | 904.00 | NOTE | |
r-patched-linux-x86_64 | 3.7.2 | 71.97 | 693.73 | 765.70 | OK | |
r-release-linux-x86_64 | 3.7.2 | 74.56 | 655.32 | 729.88 | OK | |
r-release-macos-arm64 | 3.7.2 | 5.00 | ERROR | |||
r-release-macos-x86_64 | 3.7.2 | 398.00 | NOTE | |||
r-release-windows-x86_64 | 3.7.2 | 160.00 | 780.00 | 940.00 | NOTE | |
r-oldrel-macos-arm64 | 3.7.2 | 254.00 | NOTE | |||
r-oldrel-macos-x86_64 | 3.7.2 | 317.00 | NOTE | |||
r-oldrel-windows-ix86+x86_64 | 3.7.2 | 152.00 | 710.00 | 862.00 | NOTE |
Version: 3.7.2
Check: installed package size
Result: NOTE
installed size is 5.3Mb
sub-directories of 1Mb or more:
doc 3.2Mb
extdata 1.7Mb
Flavors: r-devel-linux-x86_64-fedora-clang, r-devel-windows-x86_64, r-release-macos-x86_64, r-release-windows-x86_64, r-oldrel-macos-arm64, r-oldrel-macos-x86_64, r-oldrel-windows-ix86+x86_64
Version: 3.7.2
Check: dependencies in R code
Result: NOTE
Namespace in Imports field not imported from: 'Hmisc'
All declared Imports should be used.
Flavors: r-devel-linux-x86_64-fedora-clang, r-devel-linux-x86_64-fedora-gcc, r-release-macos-x86_64, r-oldrel-macos-arm64, r-oldrel-macos-x86_64
Version: 3.7.2
Check: package dependencies
Result: ERROR
Package required but not available: ‘GenomicInteractions’
Package suggested but not available for checking: ‘BSgenome.Hsapiens.UCSC.hg19’
See section ‘The DESCRIPTION file’ in the ‘Writing R Extensions’
manual.
Flavor: r-release-macos-arm64
Version: 3.7.2
Check: package dependencies
Result: NOTE
Package suggested but not available for checking: ‘BSgenome.Hsapiens.UCSC.hg19’
Flavor: r-release-macos-x86_64