CRAN Package Check Results for Package CIEE

Last updated on 2023-02-06 18:52:00 CET.

Flavor Version Tinstall Tcheck Ttotal Status Flags
r-devel-linux-x86_64-debian-clang 0.1.1 4.20 65.14 69.34 NOTE
r-devel-linux-x86_64-debian-gcc 0.1.1 2.76 47.36 50.12 NOTE
r-devel-linux-x86_64-fedora-clang 0.1.1 82.67 NOTE
r-devel-linux-x86_64-fedora-gcc 0.1.1 94.44 NOTE
r-devel-windows-x86_64 0.1.1 13.00 99.00 112.00 NOTE
r-patched-linux-x86_64 0.1.1 3.33 61.06 64.39 NOTE
r-release-linux-x86_64 0.1.1 2.81 59.50 62.31 NOTE
r-release-macos-arm64 0.1.1 29.00 NOTE
r-release-macos-x86_64 0.1.1 37.00 NOTE
r-release-windows-x86_64 0.1.1 11.00 99.00 110.00 NOTE
r-oldrel-macos-arm64 0.1.1 28.00 NOTE
r-oldrel-macos-x86_64 0.1.1 50.00 NOTE
r-oldrel-windows-ix86+x86_64 0.1.1 10.00 101.00 111.00 NOTE

Check Details

Version: 0.1.1
Check: LazyData
Result: NOTE
     'LazyData' is specified without a 'data' directory
Flavors: r-devel-linux-x86_64-debian-clang, r-devel-linux-x86_64-debian-gcc, r-devel-linux-x86_64-fedora-clang, r-devel-linux-x86_64-fedora-gcc, r-devel-windows-x86_64, r-patched-linux-x86_64, r-release-linux-x86_64, r-release-macos-arm64, r-release-macos-x86_64, r-release-windows-x86_64, r-oldrel-macos-arm64, r-oldrel-macos-x86_64, r-oldrel-windows-ix86+x86_64