CRAN Package Check Results for Package CCTpack

Last updated on 2024-02-28 18:50:30 CET.

Flavor Version Tinstall Tcheck Ttotal Status Flags
r-devel-linux-x86_64-debian-clang 1.5.2 18.95 85.69 104.64 NOTE
r-devel-linux-x86_64-debian-gcc 1.5.2 12.84 62.68 75.52 NOTE
r-devel-linux-x86_64-fedora-clang 1.5.2 126.42 NOTE
r-devel-linux-x86_64-fedora-gcc 1.5.2 106.12 NOTE
r-devel-windows-x86_64 1.5.2 12.00 74.00 86.00 OK
r-patched-linux-x86_64 1.5.2 14.87 74.31 89.18 NOTE
r-release-linux-x86_64 1.5.2 13.12 73.72 86.84 NOTE
r-release-macos-arm64 1.5.2 38.00 OK
r-release-macos-x86_64 1.5.2 58.00 OK
r-release-windows-x86_64 1.5.2 14.00 77.00 91.00 OK
r-oldrel-macos-arm64 1.5.2 68.00 OK
r-oldrel-windows-x86_64 1.5.2 15.00 81.00 96.00 OK

Check Details

Version: 1.5.2
Check: for non-standard things in the check directory
Result: NOTE Found the following files/directories: ‘hotcold.csv’ Flavors: r-devel-linux-x86_64-debian-clang, r-devel-linux-x86_64-debian-gcc, r-devel-linux-x86_64-fedora-clang, r-devel-linux-x86_64-fedora-gcc, r-patched-linux-x86_64, r-release-linux-x86_64