Last updated on 2023-02-06 18:52:00 CET.
Flavor | Version | Tinstall | Tcheck | Ttotal | Status | Flags |
---|---|---|---|---|---|---|
r-devel-linux-x86_64-debian-clang | 1.5.2 | 14.67 | 72.76 | 87.43 | NOTE | |
r-devel-linux-x86_64-debian-gcc | 1.5.2 | 9.93 | 54.01 | 63.94 | NOTE | |
r-devel-linux-x86_64-fedora-clang | 1.5.2 | 111.39 | NOTE | |||
r-devel-linux-x86_64-fedora-gcc | 1.5.2 | 108.05 | NOTE | |||
r-devel-windows-x86_64 | 1.5.2 | 23.00 | 96.00 | 119.00 | OK | |
r-patched-linux-x86_64 | 1.5.2 | 21.47 | 80.94 | 102.41 | NOTE | |
r-release-linux-x86_64 | 1.5.2 | 18.67 | 82.83 | 101.50 | NOTE | |
r-release-macos-arm64 | 1.5.2 | 73.00 | OK | |||
r-release-macos-x86_64 | 1.5.2 | 92.00 | OK | |||
r-release-windows-x86_64 | 1.5.2 | 30.00 | 102.00 | 132.00 | OK | |
r-oldrel-macos-arm64 | 1.5.2 | 50.00 | OK | |||
r-oldrel-macos-x86_64 | 1.5.2 | 106.00 | OK | |||
r-oldrel-windows-ix86+x86_64 | 1.5.2 | 26.00 | 92.00 | 118.00 | OK |
Version: 1.5.2
Check: for non-standard things in the check directory
Result: NOTE
Found the following files/directories:
‘hotcold.csv’
Flavors: r-devel-linux-x86_64-debian-clang, r-devel-linux-x86_64-debian-gcc, r-devel-linux-x86_64-fedora-clang, r-devel-linux-x86_64-fedora-gcc, r-patched-linux-x86_64, r-release-linux-x86_64