CRAN Package Check Results for Package BoSSA

Last updated on 2024-06-15 18:57:43 CEST.

Flavor Version Tinstall Tcheck Ttotal Status Flags
r-devel-linux-x86_64-debian-clang 3.7 13.99 151.84 165.83 OK
r-devel-linux-x86_64-debian-gcc 3.7 10.73 111.20 121.93 OK
r-devel-linux-x86_64-fedora-clang 3.7 212.26 OK
r-devel-linux-x86_64-fedora-gcc 3.7 208.89 OK
r-devel-windows-x86_64 3.7 11.00 125.00 136.00 OK
r-patched-linux-x86_64 3.7 13.47 141.61 155.08 OK
r-release-linux-x86_64 3.7 11.68 145.60 157.28 OK
r-release-macos-arm64 3.7 61.00 OK
r-release-macos-x86_64 3.7 138.00 OK
r-release-windows-x86_64 3.7 11.00 88.00 99.00 ERROR
r-oldrel-macos-arm64 3.7 65.00 OK
r-oldrel-macos-x86_64 3.7 97.00 OK
r-oldrel-windows-x86_64 3.7 15.00 157.00 172.00 OK

Check Details

Version: 3.7
Check: re-building of vignette outputs
Result: ERROR Error(s) in re-building vignettes: During startup - Warning messages: 1: package 'utils' in options("defaultPackages") was not found 2: In .getClassesFromCache(Class) : restarting interrupted promise evaluation --- re-building 'bossa-refpkg.Rmd' using rmarkdown Error: processing vignette 'bossa-refpkg.Rmd' failed with diagnostics: object '#HAS_DUPLICATE_CLASS_NAMES' not found --- failed re-building 'bossa-refpkg.Rmd' SUMMARY: processing the following files failed: 'bossa-analysis.Rmd' 'bossa-refpkg.Rmd' 'bossa-tree.Rmd' Error: Vignette re-building failed. Execution halted Flavor: r-release-windows-x86_64

Version: 3.7
Check: PDF version of manual
Result: WARN LaTeX errors when creating PDF version. This typically indicates Rd problems. Flavor: r-release-windows-x86_64

Version: 3.7
Check: PDF version of manual without index
Result: ERROR Re-running with no redirection of stdout/stderr. Flavor: r-release-windows-x86_64