Last updated on 2023-02-08 02:57:05 CET.
Flavor | Version | Tinstall | Tcheck | Ttotal | Status | Flags |
---|---|---|---|---|---|---|
r-devel-linux-x86_64-debian-clang | 0.7.5 | 107.72 | 76.37 | 184.09 | NOTE | |
r-devel-linux-x86_64-debian-gcc | 0.7.5 | 84.61 | 57.70 | 142.31 | NOTE | |
r-devel-linux-x86_64-fedora-clang | 0.7.5 | 267.42 | NOTE | |||
r-devel-linux-x86_64-fedora-gcc | 0.7.5 | 254.57 | NOTE | |||
r-devel-windows-x86_64 | 0.7.5 | 161.00 | 128.00 | 289.00 | NOTE | |
r-patched-linux-x86_64 | 0.7.5 | 90.87 | 74.31 | 165.18 | OK | |
r-release-linux-x86_64 | 0.7.5 | 82.47 | 72.11 | 154.58 | OK | |
r-release-macos-arm64 | 0.7.5 | 84.00 | OK | |||
r-release-macos-x86_64 | 0.7.5 | 82.00 | OK | |||
r-release-windows-x86_64 | 0.7.5 | 125.00 | 128.00 | 253.00 | OK | |
r-oldrel-macos-arm64 | 0.7.5 | 83.00 | OK | |||
r-oldrel-macos-x86_64 | 0.7.5 | 95.00 | OK | |||
r-oldrel-windows-ix86+x86_64 | 0.7.5 | 274.00 | 151.00 | 425.00 | OK |
Version: 0.7.5
Check: C++ specification
Result: NOTE
Specified C++11: please update to current default of C++17
Flavors: r-devel-linux-x86_64-debian-clang, r-devel-linux-x86_64-debian-gcc, r-devel-windows-x86_64
Version: 0.7.5
Check: C++ specification
Result: NOTE
Specified C++11: please drop specification unless essential
Flavors: r-devel-linux-x86_64-fedora-clang, r-devel-linux-x86_64-fedora-gcc