CRAN Package Check Results for Package BayesSampling

Last updated on 2024-04-19 10:57:19 CEST.

Flavor Version Tinstall Tcheck Ttotal Status Flags
r-devel-linux-x86_64-debian-clang 1.1.0 5.51 90.67 96.18 OK
r-devel-linux-x86_64-debian-gcc 1.1.0 OK
r-devel-linux-x86_64-fedora-clang 1.1.0 127.22 NOTE
r-devel-linux-x86_64-fedora-gcc 1.1.0 137.47 NOTE
r-prerel-macos-arm64 1.1.0 50.00 OK
r-prerel-windows-x86_64 1.1.0 8.00 91.00 99.00 OK
r-patched-linux-x86_64 1.1.0 9.07 88.04 97.11 OK
r-release-linux-x86_64 1.1.0 8.99 89.78 98.77 OK
r-release-macos-arm64 1.1.0 53.00 OK
r-release-macos-x86_64 1.1.0 91.00 OK
r-release-windows-x86_64 1.1.0 11.00 96.00 107.00 OK
r-oldrel-macos-arm64 1.1.0 45.00 OK
r-oldrel-windows-x86_64 1.1.0 11.00 95.00 106.00 OK

Check Details

Version: 1.1.0
Check: dependencies in R code
Result: NOTE Namespaces in Imports field not imported from: ‘MASS’ ‘Matrix’ ‘matrixcalc’ ‘stats’ All declared Imports should be used. Flavors: r-devel-linux-x86_64-fedora-clang, r-devel-linux-x86_64-fedora-gcc