Last updated on 2023-02-06 18:51:58 CET.
Flavor | Version | Tinstall | Tcheck | Ttotal | Status | Flags |
---|---|---|---|---|---|---|
r-devel-linux-x86_64-debian-clang | 0.1.0 | 41.64 | 93.57 | 135.21 | OK | |
r-devel-linux-x86_64-debian-gcc | 0.1.0 | 29.17 | 71.06 | 100.23 | OK | |
r-devel-linux-x86_64-fedora-clang | 0.1.0 | 181.61 | NOTE | |||
r-devel-linux-x86_64-fedora-gcc | 0.1.0 | 167.68 | NOTE | |||
r-devel-windows-x86_64 | 0.1.0 | 39.00 | 145.00 | 184.00 | OK | |
r-patched-linux-x86_64 | 0.1.0 | 30.58 | 93.29 | 123.87 | OK | |
r-release-linux-x86_64 | 0.1.0 | 31.40 | 90.51 | 121.91 | OK | |
r-release-macos-arm64 | 0.1.0 | 64.00 | NOTE | |||
r-release-macos-x86_64 | 0.1.0 | 63.00 | NOTE | |||
r-release-windows-x86_64 | 0.1.0 | 41.00 | 150.00 | 191.00 | OK | |
r-oldrel-macos-arm64 | 0.1.0 | 57.00 | NOTE | |||
r-oldrel-macos-x86_64 | 0.1.0 | 71.00 | NOTE | |||
r-oldrel-windows-ix86+x86_64 | 0.1.0 | 93.00 | 185.00 | 278.00 | OK |
Version: 0.1.0
Check: dependencies in R code
Result: NOTE
Namespace in Imports field not imported from: ‘FastGP’
All declared Imports should be used.
Flavors: r-devel-linux-x86_64-fedora-clang, r-devel-linux-x86_64-fedora-gcc, r-release-macos-arm64, r-release-macos-x86_64, r-oldrel-macos-arm64, r-oldrel-macos-x86_64