CRAN Package Check Results for Package BayesLogit

Last updated on 2024-06-25 10:56:08 CEST.

Flavor Version Tinstall Tcheck Ttotal Status Flags
r-devel-linux-x86_64-debian-clang 2.1 13.20 26.80 40.00 NOTE
r-devel-linux-x86_64-debian-gcc 2.1 8.65 20.56 29.21 NOTE
r-devel-linux-x86_64-fedora-clang 2.1 53.79 NOTE
r-devel-linux-x86_64-fedora-gcc 2.1 51.11 NOTE
r-devel-windows-x86_64 2.1 16.00 43.00 59.00 NOTE
r-patched-linux-x86_64 2.1 9.98 25.93 35.91 NOTE
r-release-linux-x86_64 2.1 10.62 25.77 36.39 NOTE
r-release-macos-arm64 2.1 18.00 NOTE
r-release-macos-x86_64 2.1 28.00 NOTE
r-release-windows-x86_64 2.1 15.00 42.00 57.00 NOTE
r-oldrel-macos-arm64 2.1 21.00 NOTE
r-oldrel-macos-x86_64 2.1 28.00 NOTE
r-oldrel-windows-x86_64 2.1 13.00 46.00 59.00 NOTE

Check Details

Version: 2.1
Check: package subdirectories
Result: NOTE Problems with news in ‘NEWS.md’: No news entries found. Flavors: r-devel-linux-x86_64-debian-clang, r-devel-linux-x86_64-debian-gcc, r-devel-linux-x86_64-fedora-clang, r-devel-linux-x86_64-fedora-gcc, r-devel-windows-x86_64, r-patched-linux-x86_64, r-release-linux-x86_64, r-release-macos-arm64, r-release-macos-x86_64, r-release-windows-x86_64, r-oldrel-macos-arm64, r-oldrel-macos-x86_64, r-oldrel-windows-x86_64