CRAN Package Check Results for Package BSW

Last updated on 2023-02-06 18:51:59 CET.

Flavor Version Tinstall Tcheck Ttotal Status Flags
r-devel-linux-x86_64-debian-clang 0.1.1 8.97 76.03 85.00 NOTE
r-devel-linux-x86_64-debian-gcc 0.1.1 4.94 58.03 62.97 NOTE
r-devel-linux-x86_64-fedora-clang 0.1.1 106.53 NOTE
r-devel-linux-x86_64-fedora-gcc 0.1.1 116.96 NOTE
r-devel-windows-x86_64 0.1.1 15.00 102.00 117.00 NOTE
r-patched-linux-x86_64 0.1.1 6.86 75.35 82.21 NOTE
r-release-linux-x86_64 0.1.1 6.26 73.10 79.36 NOTE
r-release-macos-arm64 0.1.1 31.00 NOTE
r-release-macos-x86_64 0.1.1 49.00 NOTE
r-release-windows-x86_64 0.1.1 13.00 109.00 122.00 NOTE
r-oldrel-macos-arm64 0.1.1 37.00 NOTE
r-oldrel-macos-x86_64 0.1.1 64.00 NOTE
r-oldrel-windows-ix86+x86_64 0.1.1 18.00 102.00 120.00 NOTE

Check Details

Version: 0.1.1
Check: LazyData
Result: NOTE
     'LazyData' is specified without a 'data' directory
Flavors: r-devel-linux-x86_64-debian-clang, r-devel-linux-x86_64-debian-gcc, r-devel-linux-x86_64-fedora-clang, r-devel-linux-x86_64-fedora-gcc, r-devel-windows-x86_64, r-patched-linux-x86_64, r-release-linux-x86_64, r-release-macos-arm64, r-release-macos-x86_64, r-release-windows-x86_64, r-oldrel-macos-arm64, r-oldrel-macos-x86_64, r-oldrel-windows-ix86+x86_64