Last updated on 2023-02-06 18:51:59 CET.
Flavor | Version | Tinstall | Tcheck | Ttotal | Status | Flags |
---|---|---|---|---|---|---|
r-devel-linux-x86_64-debian-clang | 1.0.5 | 13.87 | 55.88 | 69.75 | OK | |
r-devel-linux-x86_64-debian-gcc | 1.0.5 | 8.31 | 41.68 | 49.99 | OK | |
r-devel-linux-x86_64-fedora-clang | 1.0.5 | 90.51 | OK | |||
r-devel-linux-x86_64-fedora-gcc | 1.0.5 | 83.04 | OK | |||
r-devel-windows-x86_64 | 1.0.5 | 18.00 | 95.00 | 113.00 | NOTE | |
r-patched-linux-x86_64 | 1.0.5 | 10.12 | 53.79 | 63.91 | OK | |
r-release-linux-x86_64 | 1.0.5 | 8.90 | 52.35 | 61.25 | OK | |
r-release-macos-arm64 | 1.0.5 | 32.00 | OK | |||
r-release-macos-x86_64 | 1.0.5 | 44.00 | OK | |||
r-release-windows-x86_64 | 1.0.5 | 19.00 | 99.00 | 118.00 | OK | |
r-oldrel-macos-arm64 | 1.0.5 | 31.00 | OK | |||
r-oldrel-macos-x86_64 | 1.0.5 | 44.00 | OK | |||
r-oldrel-windows-ix86+x86_64 | 1.0.5 | 24.00 | 128.00 | 152.00 | OK |
Version: 1.0.5
Check: C++ specification
Result: NOTE
Specified C++11: please update to current default of C++17
Flavor: r-devel-windows-x86_64