CRAN Package Check Results for Package BOSSreg

Last updated on 2024-04-19 10:57:19 CEST.

Flavor Version Tinstall Tcheck Ttotal Status Flags
r-devel-linux-x86_64-debian-clang 0.2.0 29.28 52.24 81.52 NOTE
r-devel-linux-x86_64-debian-gcc 0.2.0 NOTE
r-devel-linux-x86_64-fedora-clang 0.2.0 121.00 NOTE
r-devel-linux-x86_64-fedora-gcc 0.2.0 137.20 NOTE
r-prerel-macos-arm64 0.2.0 42.00 NOTE
r-prerel-windows-x86_64 0.2.0 29.00 131.00 160.00 NOTE
r-patched-linux-x86_64 0.2.0 34.40 51.14 85.54 NOTE
r-release-linux-x86_64 0.2.0 31.03 49.74 80.77 NOTE
r-release-macos-arm64 0.2.0 47.00 NOTE
r-release-macos-x86_64 0.2.0 59.00 NOTE
r-release-windows-x86_64 0.2.0 36.00 107.00 143.00 NOTE
r-oldrel-macos-arm64 0.2.0 37.00 NOTE
r-oldrel-windows-x86_64 0.2.0 34.00 104.00 138.00 NOTE

Check Details

Version: 0.2.0
Check: C++ specification
Result: NOTE Specified C++11: please drop specification unless essential Flavors: r-devel-linux-x86_64-debian-clang, r-devel-linux-x86_64-debian-gcc, r-devel-linux-x86_64-fedora-clang, r-devel-linux-x86_64-fedora-gcc, r-prerel-macos-arm64, r-prerel-windows-x86_64, r-patched-linux-x86_64, r-release-linux-x86_64, r-release-macos-arm64, r-release-macos-x86_64, r-release-windows-x86_64

Version: 0.2.0
Check: LazyData
Result: NOTE 'LazyData' is specified without a 'data' directory Flavors: r-devel-linux-x86_64-debian-clang, r-devel-linux-x86_64-debian-gcc, r-devel-linux-x86_64-fedora-clang, r-devel-linux-x86_64-fedora-gcc, r-prerel-macos-arm64, r-prerel-windows-x86_64, r-patched-linux-x86_64, r-release-linux-x86_64, r-release-macos-arm64, r-release-macos-x86_64, r-release-windows-x86_64, r-oldrel-macos-arm64, r-oldrel-windows-x86_64

Version: 0.2.0
Check: package dependencies
Result: NOTE Package suggested but not available for checking: ‘sparsenet’ Flavor: r-release-macos-x86_64