CRAN Package Check Results for Package BNrich

Last updated on 2024-04-13 18:55:11 CEST.

Flavor Version Tinstall Tcheck Ttotal Status Flags
r-devel-linux-x86_64-debian-clang 0.1.1 11.07 98.54 109.61 NOTE
r-devel-linux-x86_64-debian-gcc 0.1.1 6.74 73.55 80.29 NOTE
r-devel-linux-x86_64-fedora-clang 0.1.1 147.34 NOTE
r-devel-linux-x86_64-fedora-gcc 0.1.1 164.66 NOTE
r-devel-windows-x86_64 0.1.1 8.00 84.00 92.00 NOTE
r-patched-linux-x86_64 0.1.1 7.97 95.64 103.61 NOTE
r-release-linux-x86_64 0.1.1 8.00 94.92 102.92 NOTE
r-release-macos-arm64 0.1.1 52.00 NOTE
r-release-macos-x86_64 0.1.1 77.00 NOTE
r-release-windows-x86_64 0.1.1 12.00 101.00 113.00 NOTE
r-oldrel-macos-arm64 0.1.1 42.00 NOTE
r-oldrel-windows-x86_64 0.1.1 12.00 106.00 118.00 NOTE

Additional issues

donttest

Check Details

Version: 0.1.1
Check: LazyData
Result: NOTE 'LazyData' is specified without a 'data' directory Flavors: r-devel-linux-x86_64-debian-clang, r-devel-linux-x86_64-debian-gcc, r-devel-linux-x86_64-fedora-clang, r-devel-linux-x86_64-fedora-gcc, r-devel-windows-x86_64, r-patched-linux-x86_64, r-release-linux-x86_64, r-release-macos-arm64, r-release-macos-x86_64, r-release-windows-x86_64, r-oldrel-macos-arm64, r-oldrel-windows-x86_64