CRAN Package Check Results for Package BIFIEsurvey

Last updated on 2024-06-14 02:53:53 CEST.

Flavor Version Tinstall Tcheck Ttotal Status Flags
r-devel-linux-x86_64-debian-clang 3.6-6 168.70 158.38 327.08 OK
r-devel-linux-x86_64-debian-gcc 3.6-6 0.54 1.75 2.29 ERROR
r-devel-linux-x86_64-fedora-clang 3.6-6 465.93 OK
r-devel-linux-x86_64-fedora-gcc 3.6-6 480.12 OK
r-devel-windows-x86_64 3.6-6 132.00 150.00 282.00 OK
r-patched-linux-x86_64 3.6-6 139.00 154.80 293.80 OK
r-release-linux-x86_64 3.6-6 140.75 151.30 292.05 OK
r-release-macos-arm64 3.6-6 64.00 NOTE
r-release-macos-x86_64 3.6-6 128.00 NOTE
r-release-windows-x86_64 3.6-6 126.00 154.00 280.00 OK
r-oldrel-macos-arm64 3.6-6 70.00 NOTE
r-oldrel-macos-x86_64 3.6-6 92.00 NOTE
r-oldrel-windows-x86_64 3.6-6 116.00 236.00 352.00 OK

Check Details

Version: 3.6-6
Check: package dependencies
Result: ERROR Package required but not available: ‘miceadds’ Packages which this enhances but not available for checking: 'Hmisc', 'intsvy', 'LSAmitR' See section ‘The DESCRIPTION file’ in the ‘Writing R Extensions’ manual. Flavor: r-devel-linux-x86_64-debian-gcc

Version: 3.6-6
Check: installed package size
Result: NOTE installed size is 9.6Mb sub-directories of 1Mb or more: data 1.4Mb libs 7.7Mb Flavors: r-release-macos-arm64, r-release-macos-x86_64, r-oldrel-macos-arm64, r-oldrel-macos-x86_64