CRAN Package Check Results for Package BDP2

Last updated on 2025-01-24 18:49:38 CET.

Flavor Version Tinstall Tcheck Ttotal Status Flags
r-devel-linux-x86_64-debian-clang 0.1.3 11.20 80.53 91.73 OK
r-devel-linux-x86_64-debian-gcc 0.1.3 7.40 53.02 60.42 OK
r-devel-linux-x86_64-fedora-clang 0.1.3 157.33 OK
r-devel-linux-x86_64-fedora-gcc 0.1.3 157.92 OK
r-devel-windows-x86_64 0.1.3 12.00 84.00 96.00 OK
r-patched-linux-x86_64 0.1.3 11.75 74.72 86.47 NOTE
r-release-linux-x86_64 0.1.3 11.71 75.29 87.00 NOTE
r-release-macos-arm64 0.1.3 43.00 NOTE
r-release-macos-x86_64 0.1.3 71.00 NOTE
r-release-windows-x86_64 0.1.3 12.00 87.00 99.00 NOTE
r-oldrel-macos-arm64 0.1.3 45.00 NOTE
r-oldrel-macos-x86_64 0.1.3 79.00 NOTE
r-oldrel-windows-x86_64 0.1.3 12.00 102.00 114.00 NOTE

Check Details

Version: 0.1.3
Check: LazyData
Result: NOTE 'LazyData' is specified without a 'data' directory Flavors: r-patched-linux-x86_64, r-release-linux-x86_64, r-release-macos-arm64, r-release-macos-x86_64, r-release-windows-x86_64, r-oldrel-macos-arm64, r-oldrel-macos-x86_64, r-oldrel-windows-x86_64