CRAN Package Check Results for Package AutoWeatherIndices

Last updated on 2023-02-05 11:10:27 CET.

Flavor Version Tinstall Tcheck Ttotal Status Flags
r-devel-linux-x86_64-debian-clang 0.1.0 2.24 20.43 22.67 OK
r-devel-linux-x86_64-debian-gcc 0.1.0 1.57 15.98 17.55 OK
r-devel-linux-x86_64-fedora-clang 0.1.0 29.53 NOTE
r-devel-linux-x86_64-fedora-gcc 0.1.0 29.44 NOTE
r-devel-windows-x86_64 0.1.0 23.00 49.00 72.00 OK
r-patched-linux-x86_64 0.1.0 2.02 20.87 22.89 OK
r-release-linux-x86_64 0.1.0 1.62 21.17 22.79 OK
r-release-macos-arm64 0.1.0 15.00 NOTE
r-release-macos-x86_64 0.1.0 19.00 NOTE
r-release-windows-x86_64 0.1.0 18.00 50.00 68.00 OK
r-oldrel-macos-arm64 0.1.0 17.00 NOTE
r-oldrel-macos-x86_64 0.1.0 23.00 NOTE
r-oldrel-windows-ix86+x86_64 0.1.0 7.00 43.00 50.00 OK

Check Details

Version: 0.1.0
Check: dependencies in R code
Result: NOTE
    Namespace in Imports field not imported from: ‘Hmisc’
     All declared Imports should be used.
Flavors: r-devel-linux-x86_64-fedora-clang, r-devel-linux-x86_64-fedora-gcc, r-release-macos-arm64, r-release-macos-x86_64, r-oldrel-macos-arm64, r-oldrel-macos-x86_64