CRAN Package Check Results for Package AutoWeatherIndices

Last updated on 2024-02-28 18:50:28 CET.

Flavor Version Tinstall Tcheck Ttotal Status Flags
r-devel-linux-x86_64-debian-clang 0.1.0 1.65 20.21 21.86 OK
r-devel-linux-x86_64-debian-gcc 0.1.0 1.82 15.84 17.66 OK
r-devel-linux-x86_64-fedora-clang 0.1.0 28.31 NOTE
r-devel-linux-x86_64-fedora-gcc 0.1.0 26.47 NOTE
r-devel-windows-x86_64 0.1.0 4.00 37.00 41.00 OK
r-patched-linux-x86_64 0.1.0 1.52 20.04 21.56 OK
r-release-linux-x86_64 0.1.0 1.58 19.87 21.45 OK
r-release-macos-arm64 0.1.0 14.00 OK
r-release-macos-x86_64 0.1.0 18.00 OK
r-release-windows-x86_64 0.1.0 4.00 37.00 41.00 OK
r-oldrel-macos-arm64 0.1.0 15.00 NOTE
r-oldrel-windows-x86_64 0.1.0 4.00 41.00 45.00 OK

Check Details

Version: 0.1.0
Check: dependencies in R code
Result: NOTE Namespace in Imports field not imported from: ‘Hmisc’ All declared Imports should be used. Flavors: r-devel-linux-x86_64-fedora-clang, r-devel-linux-x86_64-fedora-gcc, r-oldrel-macos-arm64