Last updated on 2023-02-08 02:57:02 CET.
Flavor | Version | Tinstall | Tcheck | Ttotal | Status | Flags |
---|---|---|---|---|---|---|
r-devel-linux-x86_64-debian-clang | 0.1.4.4 | 297.17 | 250.17 | 547.34 | NOTE | |
r-devel-linux-x86_64-debian-gcc | 0.1.4.4 | 248.24 | 181.43 | 429.67 | NOTE | |
r-devel-linux-x86_64-fedora-clang | 0.1.4.4 | 760.77 | NOTE | |||
r-devel-linux-x86_64-fedora-gcc | 0.1.4.4 | 762.15 | NOTE | |||
r-devel-windows-x86_64 | 0.1.4.4 | 263.00 | 333.00 | 596.00 | NOTE | |
r-patched-linux-x86_64 | 0.1.4.4 | 269.03 | 238.16 | 507.19 | NOTE | |
r-release-linux-x86_64 | 0.1.4.4 | 267.70 | 233.91 | 501.61 | NOTE | |
r-release-macos-arm64 | 0.1.4.4 | 159.00 | NOTE | |||
r-release-macos-x86_64 | 0.1.4.4 | 235.00 | NOTE | |||
r-release-windows-x86_64 | 0.1.4.4 | 266.00 | 333.00 | 599.00 | NOTE | |
r-oldrel-macos-arm64 | 0.1.4.4 | 185.00 | NOTE | |||
r-oldrel-macos-x86_64 | 0.1.4.4 | 355.00 | NOTE | |||
r-oldrel-windows-ix86+x86_64 | 0.1.4.4 | 645.00 | 447.00 | 1092.00 | NOTE |
Version: 0.1.4.4
Check: C++ specification
Result: NOTE
Specified C++11: please update to current default of C++17
Flavors: r-devel-linux-x86_64-debian-clang, r-devel-linux-x86_64-debian-gcc, r-devel-windows-x86_64
Version: 0.1.4.4
Check: LazyData
Result: NOTE
'LazyData' is specified without a 'data' directory
Flavors: r-devel-linux-x86_64-debian-clang, r-devel-linux-x86_64-debian-gcc, r-devel-linux-x86_64-fedora-clang, r-devel-linux-x86_64-fedora-gcc, r-devel-windows-x86_64, r-patched-linux-x86_64, r-release-linux-x86_64, r-release-macos-arm64, r-release-macos-x86_64, r-release-windows-x86_64, r-oldrel-macos-arm64, r-oldrel-macos-x86_64, r-oldrel-windows-ix86+x86_64
Version: 0.1.4.4
Check: C++ specification
Result: NOTE
Specified C++11: please drop specification unless essential
Flavors: r-devel-linux-x86_64-fedora-clang, r-devel-linux-x86_64-fedora-gcc
Version: 0.1.4.4
Check: installed package size
Result: NOTE
installed size is 25.9Mb
sub-directories of 1Mb or more:
libs 24.5Mb
Flavors: r-release-macos-arm64, r-release-macos-x86_64, r-oldrel-macos-arm64, r-oldrel-macos-x86_64, r-oldrel-windows-ix86+x86_64