CRAN Package Check Results for Package tsDyn

Last updated on 2018-07-20 02:51:48 CEST.

Flavor Version Tinstall Tcheck Ttotal Status Flags
r-devel-linux-x86_64-debian-clang 0.9-48 18.88 242.69 261.57 OK
r-devel-linux-x86_64-debian-gcc 0.9-48 16.03 208.49 224.52 OK
r-devel-linux-x86_64-fedora-clang 0.9-48 335.45 OK
r-devel-linux-x86_64-fedora-gcc 0.9-48 330.30 OK
r-devel-windows-ix86+x86_64 0.9-48 30.00 532.00 562.00 WARN
r-patched-linux-x86_64 0.9-48 14.93 250.99 265.92 OK
r-patched-solaris-x86 0.9-48 465.30 OK
r-release-linux-x86_64 0.9-48 19.42 246.44 265.86 OK
r-release-windows-ix86+x86_64 0.9-48 41.00 360.00 401.00 OK
r-release-osx-x86_64 0.9-48 OK
r-oldrel-windows-ix86+x86_64 0.9-48 31.00 441.00 472.00 WARN
r-oldrel-osx-x86_64 0.9-48 OK

Check Details

Version: 0.9-48
Check: whether package can be installed
Result: WARN
    Found the following significant warnings:
     Warning: S3 methods '[.fun_list', '[.grouped_df', 'all.equal.tbl_df', 'anti_join.data.frame', 'anti_join.tbl_df', 'arrange.data.frame', 'arrange.default', 'arrange.grouped_df', 'arrange.tbl_df', 'arrange_.data.frame', 'arrange_.tbl_df', 'as.data.frame.grouped_df', 'as.data.frame.rowwise_df', 'as.data.frame.tbl_cube', 'as.data.frame.tbl_df', 'as.table.tbl_cube', 'as.tbl.data.frame', 'as.tbl.tbl', 'as.tbl_cube.array', 'as.tbl_cube.data.frame', 'as.tbl_cube.matrix', 'as.tbl_cube.table', 'as_data_frame.grouped_df', 'as_data_frame.tbl_cube', 'auto_copy.tbl_cube', 'auto_copy.tbl_df', 'cbind.grouped_df', 'collapse.data.frame', 'collect.data.frame', 'common_by.NULL', 'common_by.character', 'common_by.default', 'common_by.list', 'compute.data.frame', 'copy_to.DBIConnection', 'copy_to.src_local', 'default_missing.data.frame', 'default_missing.default', 'dim.tbl_cube', 'distinct.data.frame', 'distinct.default', 'distinct.grouped_df', 'distinct.tbl_df', 'distinct_.data.frame', 'distinct_.grouped_df', 'dist [... truncated]
Flavors: r-devel-windows-ix86+x86_64, r-oldrel-windows-ix86+x86_64