CRAN Package Check Results for Package tsDyn

Last updated on 2018-01-17 19:50:15 CET.

Flavor Version Tinstall Tcheck Ttotal Status Flags
r-devel-linux-x86_64-debian-clang 0.9-44 7.42 254.23 261.65 NOTE
r-devel-linux-x86_64-debian-gcc 0.9-44 5.43 188.22 193.65 NOTE
r-devel-linux-x86_64-fedora-clang 0.9-44 292.67 NOTE
r-devel-linux-x86_64-fedora-gcc 0.9-44 300.27 NOTE
r-devel-windows-ix86+x86_64 0.9-44 20.00 356.00 376.00 NOTE
r-patched-linux-x86_64 0.9-44 6.80 261.28 268.08 NOTE
r-patched-solaris-x86 0.9-44 450.50 NOTE
r-release-linux-x86_64 0.9-44 7.70 260.30 268.00 NOTE
r-release-windows-ix86+x86_64 0.9-44 18.00 350.00 368.00 OK
r-release-osx-x86_64 0.9-44 OK
r-oldrel-windows-ix86+x86_64 0.9-44 24.00 422.00 446.00 OK
r-oldrel-osx-x86_64 0.9-44 NOTE

Check Details

Version: 0.9-44
Check: package dependencies
Result: NOTE
    Package suggested but not available for checking: ‘FinTS’
Flavors: r-devel-linux-x86_64-debian-clang, r-devel-linux-x86_64-debian-gcc, r-devel-linux-x86_64-fedora-clang, r-devel-linux-x86_64-fedora-gcc, r-devel-windows-ix86+x86_64, r-patched-linux-x86_64, r-patched-solaris-x86, r-release-linux-x86_64

Version: 0.9-44
Check: compiled code
Result: NOTE
    File ‘tsDyn/libs/tsDyn.so’:
     Found no calls to: ‘R_registerRoutines’, ‘R_useDynamicSymbols’
    
    It is good practice to register native routines and to disable symbol
    search.
    
    See ‘Writing portable packages’ in the ‘Writing R Extensions’ manual.
Flavors: r-devel-linux-x86_64-debian-clang, r-devel-linux-x86_64-debian-gcc, r-devel-linux-x86_64-fedora-clang, r-devel-linux-x86_64-fedora-gcc, r-patched-linux-x86_64, r-release-linux-x86_64

Version: 0.9-44
Check: dependencies in R code
Result: NOTE
    Invalid MIT-MAGIC-COOKIE-1 key
Flavor: r-oldrel-osx-x86_64