CRAN Package Check Results for Package tsDyn

Last updated on 2018-10-20 18:47:59 CEST.

Flavor Version Tinstall Tcheck Ttotal Status Flags
r-devel-linux-x86_64-debian-clang 0.9-48 19.96 275.59 295.55 OK
r-devel-linux-x86_64-debian-gcc 0.9-48 16.35 210.35 226.70 OK
r-devel-linux-x86_64-fedora-clang 0.9-48 347.73 OK
r-devel-linux-x86_64-fedora-gcc 0.9-48 336.30 OK
r-devel-windows-ix86+x86_64 0.9-48 46.00 535.00 581.00 OK
r-patched-linux-x86_64 0.9-48 15.59 244.67 260.26 OK
r-patched-solaris-x86 0.9-48 453.30 OK
r-release-linux-x86_64 0.9-48 15.47 247.33 262.80 NOTE
r-release-windows-ix86+x86_64 0.9-48 46.00 484.00 530.00 OK
r-release-osx-x86_64 0.9-48 OK
r-oldrel-windows-ix86+x86_64 0.9-48 20.00 569.00 589.00 OK
r-oldrel-osx-x86_64 0.9-48 OK

Check Details

Version: 0.9-48
Check: package dependencies
Result: NOTE
    Package suggested but not available for checking: ‘rgl’
Flavor: r-release-linux-x86_64