CRAN Package Check Results for Package tint

Last updated on 2018-04-21 19:50:40 CEST.

Flavor Version Tinstall Tcheck Ttotal Status Flags
r-devel-linux-x86_64-debian-clang 0.1.0 2.01 261.09 263.10 OK
r-devel-linux-x86_64-debian-gcc 0.1.0 1.34 203.90 205.24 OK
r-devel-linux-x86_64-fedora-clang 0.1.0 266.87 NOTE
r-devel-linux-x86_64-fedora-gcc 0.1.0 275.85 NOTE
r-devel-windows-ix86+x86_64 0.1.0 6.00 81.00 87.00 NOTE
r-devel-osx-x86_64 0.1.0 NOTE
r-patched-linux-x86_64 0.1.0 1.74 227.48 229.22 OK
r-patched-solaris-x86 0.1.0 75.00 NOTE
r-release-linux-x86_64 0.1.0 1.69 264.94 266.63 OK
r-release-windows-ix86+x86_64 0.1.0 5.00 94.00 99.00 NOTE
r-release-osx-x86_64 0.1.0 NOTE
r-oldrel-windows-ix86+x86_64 0.1.0 5.00 74.00 79.00 NOTE

Check Details

Version: 0.1.0
Check: installed package size
Result: NOTE
     installed size is 5.2Mb
     sub-directories of 1Mb or more:
     doc 3.7Mb
     rmarkdown 1.3Mb
Flavors: r-devel-linux-x86_64-fedora-clang, r-devel-linux-x86_64-fedora-gcc, r-devel-windows-ix86+x86_64, r-devel-osx-x86_64, r-patched-solaris-x86, r-release-windows-ix86+x86_64, r-release-osx-x86_64, r-oldrel-windows-ix86+x86_64