CRAN Package Check Results for Package tint

Last updated on 2018-10-20 18:47:58 CEST.

Flavor Version Tinstall Tcheck Ttotal Status Flags
r-devel-linux-x86_64-debian-clang 0.1.0 1.75 231.26 233.01 OK
r-devel-linux-x86_64-debian-gcc 0.1.0 1.70 181.42 183.12 OK
r-devel-linux-x86_64-fedora-clang 0.1.0 258.17 NOTE
r-devel-linux-x86_64-fedora-gcc 0.1.0 263.65 OK
r-devel-windows-ix86+x86_64 0.1.0 6.00 106.00 112.00 NOTE
r-patched-linux-x86_64 0.1.0 1.94 231.46 233.40 OK
r-patched-solaris-x86 0.1.0 76.90 NOTE
r-release-linux-x86_64 0.1.0 1.41 231.59 233.00 OK
r-release-windows-ix86+x86_64 0.1.0 5.00 111.00 116.00 NOTE
r-release-osx-x86_64 0.1.0 NOTE
r-oldrel-windows-ix86+x86_64 0.1.0 4.00 119.00 123.00 NOTE
r-oldrel-osx-x86_64 0.1.0 NOTE

Check Details

Version: 0.1.0
Check: installed package size
Result: NOTE
     installed size is 5.2Mb
     sub-directories of 1Mb or more:
     doc 3.7Mb
     rmarkdown 1.3Mb
Flavors: r-devel-linux-x86_64-fedora-clang, r-devel-windows-ix86+x86_64, r-patched-solaris-x86, r-release-windows-ix86+x86_64, r-release-osx-x86_64, r-oldrel-windows-ix86+x86_64, r-oldrel-osx-x86_64