CRAN Package Check Results for Package tint

Last updated on 2018-01-20 02:49:33 CET.

Flavor Version Tinstall Tcheck Ttotal Status Flags
r-devel-linux-x86_64-debian-clang 0.0.5 1.56 265.57 267.13 OK
r-devel-linux-x86_64-debian-gcc 0.0.5 0.87 203.06 203.93 OK
r-devel-linux-x86_64-fedora-clang 0.0.5 282.62 NOTE
r-devel-linux-x86_64-fedora-gcc 0.0.5 288.67 NOTE
r-devel-windows-ix86+x86_64 0.0.5 6.00 87.00 93.00 NOTE
r-patched-linux-x86_64 0.0.5 1.29 259.54 260.83 OK
r-patched-solaris-x86 0.0.5 76.80 NOTE
r-release-linux-x86_64 0.0.5 1.30 230.97 232.27 OK
r-release-windows-ix86+x86_64 0.0.5 6.00 88.00 94.00 NOTE
r-release-osx-x86_64 0.0.5 NOTE
r-oldrel-windows-ix86+x86_64 0.0.5 5.00 106.00 111.00 NOTE
r-oldrel-osx-x86_64 0.0.5 NOTE

Check Details

Version: 0.0.5
Check: installed package size
Result: NOTE
     installed size is 5.1Mb
     sub-directories of 1Mb or more:
     doc 3.7Mb
     rmarkdown 1.3Mb
Flavors: r-devel-linux-x86_64-fedora-clang, r-devel-linux-x86_64-fedora-gcc, r-devel-windows-ix86+x86_64, r-patched-solaris-x86, r-release-windows-ix86+x86_64, r-release-osx-x86_64, r-oldrel-windows-ix86+x86_64, r-oldrel-osx-x86_64