CRAN Package Check Results for Package strataG

Last updated on 2019-02-17 10:46:40 CET.

Flavor Version Tinstall Tcheck Ttotal Status Flags
r-devel-linux-x86_64-debian-clang 2.0.2 81.28 282.10 363.38 OK --no-vignettes
r-devel-linux-x86_64-debian-gcc 2.0.2 68.64 311.61 380.25 OK --no-vignettes
r-devel-linux-x86_64-fedora-clang 2.0.2 539.47 NOTE
r-devel-linux-x86_64-fedora-gcc 2.0.2 526.10 NOTE
r-devel-windows-ix86+x86_64 2.0.2 209.00 747.00 956.00 OK
r-patched-linux-x86_64 2.0.2 78.89 287.61 366.50 OK --no-vignettes
r-patched-solaris-x86 2.0.2 446.00 NOTE --no-vignettes
r-release-linux-x86_64 2.0.2 OK --no-vignettes
r-release-windows-ix86+x86_64 2.0.2 144.00 688.00 832.00 OK
r-release-osx-x86_64 2.0.2 NOTE
r-oldrel-windows-ix86+x86_64 2.0.2 197.00 695.00 892.00 OK
r-oldrel-osx-x86_64 2.0.2 NOTE

Check Details

Version: 2.0.2
Check: dependencies in R code
Result: NOTE
    Namespace in Imports field not imported from: ‘survival’
     All declared Imports should be used.
Flavors: r-devel-linux-x86_64-fedora-clang, r-devel-linux-x86_64-fedora-gcc, r-release-osx-x86_64, r-oldrel-osx-x86_64

Version: 2.0.2
Flags: --no-vignettes
Check: dependencies in R code
Result: NOTE
    Namespace in Imports field not imported from: ‘survival’
     All declared Imports should be used.
Flavor: r-patched-solaris-x86