CRAN Package Check Results for Package strataG

Last updated on 2018-08-21 18:47:06 CEST.

Flavor Version Tinstall Tcheck Ttotal Status Flags
r-devel-linux-x86_64-debian-clang 2.0.2 81.36 175.58 256.94 OK --no-examples --no-tests --no-vignettes
r-devel-linux-x86_64-debian-gcc 2.0.2 75.40 138.79 214.19 OK --no-examples --no-tests --no-vignettes
r-devel-linux-x86_64-fedora-clang 2.0.2 369.37 NOTE --no-vignettes
r-devel-linux-x86_64-fedora-gcc 2.0.2 374.49 NOTE --no-vignettes
r-devel-windows-ix86+x86_64 2.0.2 199.00 688.00 887.00 OK
r-patched-linux-x86_64 2.0.2 86.74 150.92 237.66 OK --no-examples --no-tests --no-vignettes
r-patched-solaris-x86 2.0.2 463.30 NOTE --no-vignettes
r-release-linux-x86_64 2.0.2 89.53 146.11 235.64 OK --no-examples --no-tests --no-vignettes
r-release-windows-ix86+x86_64 2.0.2 223.00 493.00 716.00 OK
r-release-osx-x86_64 2.0.2 NOTE
r-oldrel-windows-ix86+x86_64 2.0.2 145.00 588.00 733.00 OK
r-oldrel-osx-x86_64 2.0.2 NOTE

Check Details

Version: 2.0.2
Flags: --no-vignettes
Check: dependencies in R code
Result: NOTE
    Namespace in Imports field not imported from: ‘survival’
     All declared Imports should be used.
Flavors: r-devel-linux-x86_64-fedora-clang, r-devel-linux-x86_64-fedora-gcc, r-patched-solaris-x86

Version: 2.0.2
Check: dependencies in R code
Result: NOTE
    Namespace in Imports field not imported from: ‘survival’
     All declared Imports should be used.
Flavors: r-release-osx-x86_64, r-oldrel-osx-x86_64