CRAN Package Check Results for Package strataG

Last updated on 2018-11-17 02:48:46 CET.

Flavor Version Tinstall Tcheck Ttotal Status Flags
r-devel-linux-x86_64-debian-clang 2.0.2 78.95 156.01 234.96 OK --no-examples --no-tests --no-vignettes
r-devel-linux-x86_64-debian-gcc 2.0.2 74.01 123.53 197.54 OK --no-examples --no-tests --no-vignettes
r-devel-linux-x86_64-fedora-clang 2.0.2 396.77 NOTE --no-vignettes
r-devel-linux-x86_64-fedora-gcc 2.0.2 332.91 NOTE --no-vignettes
r-devel-windows-ix86+x86_64 2.0.2 197.00 394.00 591.00 OK
r-patched-linux-x86_64 2.0.2 72.41 150.01 222.42 OK --no-examples --no-tests --no-vignettes
r-patched-solaris-x86 2.0.2 475.50 NOTE --no-vignettes
r-release-linux-x86_64 2.0.2 84.39 149.90 234.29 OK --no-examples --no-tests --no-vignettes
r-release-windows-ix86+x86_64 2.0.2 205.00 428.00 633.00 OK
r-release-osx-x86_64 2.0.2 NOTE
r-oldrel-windows-ix86+x86_64 2.0.2 197.00 593.00 790.00 OK
r-oldrel-osx-x86_64 2.0.2 NOTE

Check Details

Version: 2.0.2
Flags: --no-vignettes
Check: dependencies in R code
Result: NOTE
    Namespace in Imports field not imported from: ‘survival’
     All declared Imports should be used.
Flavors: r-devel-linux-x86_64-fedora-clang, r-devel-linux-x86_64-fedora-gcc, r-patched-solaris-x86

Version: 2.0.2
Check: dependencies in R code
Result: NOTE
    Namespace in Imports field not imported from: ‘survival’
     All declared Imports should be used.
Flavors: r-release-osx-x86_64, r-oldrel-osx-x86_64