CRAN Package Check Results for Package strataG

Last updated on 2018-05-23 10:48:33 CEST.

Flavor Version Tinstall Tcheck Ttotal Status Flags
r-devel-linux-x86_64-debian-clang 2.0.2 78.65 167.49 246.14 OK --no-examples --no-tests --no-vignettes
r-devel-linux-x86_64-debian-gcc 2.0.2 0.56 1.59 2.15 ERROR --no-examples --no-tests --no-vignettes
r-devel-linux-x86_64-fedora-clang 2.0.2 366.41 NOTE --no-vignettes
r-devel-linux-x86_64-fedora-gcc 2.0.2 346.72 NOTE --no-vignettes
r-devel-windows-ix86+x86_64 2.0.2 139.00 606.00 745.00 OK
r-patched-linux-x86_64 2.0.2 80.02 146.99 227.01 OK --no-examples --no-tests --no-vignettes
r-patched-solaris-x86 2.0.2 456.80 NOTE --no-vignettes
r-release-linux-x86_64 2.0.2 78.20 144.78 222.98 OK --no-examples --no-tests --no-vignettes
r-release-windows-ix86+x86_64 2.0.2 205.00 523.00 728.00 OK
r-release-osx-x86_64 2.0.2 NOTE
r-oldrel-windows-ix86+x86_64 2.0.2 183.00 546.00 729.00 OK
r-oldrel-osx-x86_64 2.0.2 NOTE

Check Details

Version: 2.0.2
Flags: --no-examples --no-tests --no-vignettes
Check: package dependencies
Result: ERROR
    Packages required but not available:
     ‘apex’ ‘adegenet’ ‘DT’ ‘ggplot2’ ‘Hmisc’ ‘pegas’ ‘swfscMisc’
    
    See section ‘The DESCRIPTION file’ in the ‘Writing R Extensions’
    manual.
Flavor: r-devel-linux-x86_64-debian-gcc

Version: 2.0.2
Flags: --no-vignettes
Check: dependencies in R code
Result: NOTE
    Namespace in Imports field not imported from: ‘survival’
     All declared Imports should be used.
Flavors: r-devel-linux-x86_64-fedora-clang, r-devel-linux-x86_64-fedora-gcc, r-patched-solaris-x86

Version: 2.0.2
Flags: --no-vignettes
Check: installed package size
Result: NOTE
     installed size is 5.5Mb
     sub-directories of 1Mb or more:
     libs 4.0Mb
Flavor: r-devel-linux-x86_64-fedora-gcc

Version: 2.0.2
Check: dependencies in R code
Result: NOTE
    Namespace in Imports field not imported from: ‘survival’
     All declared Imports should be used.
Flavors: r-release-osx-x86_64, r-oldrel-osx-x86_64