CRAN Package Check Results for Package strataG

Last updated on 2018-02-24 02:51:04 CET.

Flavor Version Tinstall Tcheck Ttotal Status Flags
r-devel-linux-x86_64-debian-clang 2.0.2 74.11 148.03 222.14 OK --no-examples --no-tests --no-vignettes
r-devel-linux-x86_64-debian-gcc 2.0.2 61.42 118.05 179.47 OK --no-examples --no-tests --no-vignettes
r-devel-linux-x86_64-fedora-clang 2.0.2 337.88 NOTE --no-vignettes
r-devel-linux-x86_64-fedora-gcc 2.0.2 315.83 NOTE --no-vignettes
r-devel-windows-ix86+x86_64 2.0.2 190.00 504.00 694.00 OK
r-patched-linux-x86_64 2.0.2 68.66 148.79 217.45 OK --no-examples --no-tests --no-vignettes
r-patched-solaris-x86 2.0.2 442.10 NOTE --no-vignettes
r-release-linux-x86_64 2.0.2 68.95 148.32 217.27 OK --no-examples --no-tests --no-vignettes
r-release-windows-ix86+x86_64 2.0.2 182.00 542.00 724.00 OK
r-release-osx-x86_64 2.0.2 NOTE
r-oldrel-windows-ix86+x86_64 2.0.2 142.00 405.00 547.00 OK
r-oldrel-osx-x86_64 2.0.2 NOTE

Check Details

Version: 2.0.2
Flags: --no-vignettes
Check: dependencies in R code
Result: NOTE
    Namespace in Imports field not imported from: ‘survival’
     All declared Imports should be used.
Flavors: r-devel-linux-x86_64-fedora-clang, r-devel-linux-x86_64-fedora-gcc, r-patched-solaris-x86

Version: 2.0.2
Flags: --no-vignettes
Check: installed package size
Result: NOTE
     installed size is 5.5Mb
     sub-directories of 1Mb or more:
     libs 4.0Mb
Flavor: r-devel-linux-x86_64-fedora-gcc

Version: 2.0.2
Check: dependencies in R code
Result: NOTE
    Namespace in Imports field not imported from: ‘survival’
     All declared Imports should be used.
Flavors: r-release-osx-x86_64, r-oldrel-osx-x86_64