CRAN Package Check Results for Package reportROC

Last updated on 2018-07-23 02:47:50 CEST.

Flavor Version Tinstall Tcheck Ttotal Status Flags
r-devel-linux-x86_64-debian-clang 3.0 2.45 29.02 31.47 OK
r-devel-linux-x86_64-debian-gcc 3.0 1.98 26.43 28.41 OK
r-devel-linux-x86_64-fedora-clang 3.0 40.78 OK
r-devel-linux-x86_64-fedora-gcc 3.0 37.36 OK
r-devel-windows-ix86+x86_64 3.0 9.00 48.00 57.00 OK
r-patched-linux-x86_64 3.0 NOTE
r-patched-solaris-x86 3.0 59.50 OK
r-release-linux-x86_64 3.0 1.93 29.56 31.49 NOTE
r-release-windows-ix86+x86_64 3.0 5.00 62.00 67.00 OK
r-release-osx-x86_64 3.0 OK
r-oldrel-windows-ix86+x86_64 3.0 7.00 63.00 70.00 OK
r-oldrel-osx-x86_64 3.0 OK

Check Details

Version: 3.0
Check: DESCRIPTION meta-information
Result: NOTE
    Dependence on R version ‘3.3.3’ not with patchlevel 0
Flavors: r-patched-linux-x86_64, r-release-linux-x86_64