CRAN Package Check Results for Package reportROC

Last updated on 2018-01-20 02:49:24 CET.

Flavor Version Tinstall Tcheck Ttotal Status Flags
r-devel-linux-x86_64-debian-clang 3.0 1.40 26.85 28.25 NOTE
r-devel-linux-x86_64-debian-gcc 3.0 1.20 21.05 22.25 NOTE
r-devel-linux-x86_64-fedora-clang 3.0 31.93 NOTE
r-devel-linux-x86_64-fedora-gcc 3.0 32.76 NOTE
r-devel-windows-ix86+x86_64 3.0 4.00 42.00 46.00 OK
r-patched-linux-x86_64 3.0 1.42 25.83 27.25 OK
r-patched-solaris-x86 3.0 51.80 OK
r-release-linux-x86_64 3.0 1.66 25.74 27.40 OK
r-release-windows-ix86+x86_64 3.0 5.00 38.00 43.00 OK
r-release-osx-x86_64 3.0 OK
r-oldrel-windows-ix86+x86_64 3.0 6.00 49.00 55.00 OK
r-oldrel-osx-x86_64 3.0 ERROR

Check Details

Version: 3.0
Check: DESCRIPTION meta-information
Result: NOTE
    Dependence on R version ‘3.3.3’ not with patchlevel 0
Flavors: r-devel-linux-x86_64-debian-clang, r-devel-linux-x86_64-debian-gcc, r-devel-linux-x86_64-fedora-clang, r-devel-linux-x86_64-fedora-gcc

Version: 3.0
Check: whether package can be installed
Result: ERROR
    Installation failed.
Flavor: r-oldrel-osx-x86_64