CRAN Package Check Results for Package reportROC

Last updated on 2018-04-21 19:50:28 CEST.

Flavor Version Tinstall Tcheck Ttotal Status Flags
r-devel-linux-x86_64-debian-clang 3.0 1.35 26.13 27.48 OK
r-devel-linux-x86_64-debian-gcc 3.0 1.72 21.22 22.94 OK
r-devel-linux-x86_64-fedora-clang 3.0 33.55 OK
r-devel-linux-x86_64-fedora-gcc 3.0 32.32 OK
r-devel-windows-ix86+x86_64 3.0 6.00 42.00 48.00 OK
r-devel-osx-x86_64 3.0 OK
r-patched-linux-x86_64 3.0 2.00 26.22 28.22 NOTE
r-patched-solaris-x86 3.0 55.70 OK
r-release-linux-x86_64 3.0 1.24 26.32 27.56 OK
r-release-windows-ix86+x86_64 3.0 5.00 54.00 59.00 OK
r-release-osx-x86_64 3.0 OK
r-oldrel-windows-ix86+x86_64 3.0 5.00 36.00 41.00 OK

Check Details

Version: 3.0
Check: DESCRIPTION meta-information
Result: NOTE
    Dependence on R version ‘3.3.3’ not with patchlevel 0
Flavor: r-patched-linux-x86_64