CRAN Package Check Results for Package rcongresso

Last updated on 2018-07-20 02:51:37 CEST.

Flavor Version Tinstall Tcheck Ttotal Status Flags
r-devel-linux-x86_64-debian-clang 0.4.6 1.11 28.59 29.70 OK
r-devel-linux-x86_64-debian-gcc 0.4.6 1.20 25.27 26.47 OK
r-devel-linux-x86_64-fedora-clang 0.4.6 38.76 OK
r-devel-linux-x86_64-fedora-gcc 0.4.6 38.60 OK
r-devel-windows-ix86+x86_64 0.4.6 5.00 324.00 329.00 OK
r-patched-linux-x86_64 0.4.6 1.23 29.85 31.08 OK
r-patched-solaris-x86 0.4.6 49.20 ERROR
r-release-linux-x86_64 0.4.6 1.37 29.53 30.90 OK
r-release-windows-ix86+x86_64 0.4.6 6.00 379.00 385.00 OK
r-release-osx-x86_64 0.4.6 WARN
r-oldrel-windows-ix86+x86_64 0.4.6 4.00 376.00 380.00 OK
r-oldrel-osx-x86_64 0.4.6 WARN

Check Details

Version: 0.4.6
Check: tests
Result: ERROR
     Running ‘testthat.R’ [4s/178s]
    Running the tests in ‘tests/testthat.R’ failed.
    Complete output:
     > library(testthat)
     > library(rcongresso)
     >
     > test_check("rcongresso")
     ── 1. Error: (unknown) (@test_deputados.R#81) ─────────────────────────────────
     argument "message" is missing, with no default
     1: skip() at testthat/test_deputados.R:81
     2: structure(list(message = message), class = c("skip", "condition"))
    
     ══ testthat results ═══════════════════════════════════════════════════════════
     OK: 56 SKIPPED: 0 FAILED: 1
     1. Error: (unknown) (@test_deputados.R#81)
    
     Error: testthat unit tests failed
     Execution halted
Flavor: r-patched-solaris-x86

Version: 0.4.6
Check: re-building of vignette outputs
Result: WARN
    Error in re-building vignettes:
     ...
    Warning in engine$weave(file, quiet = quiet, encoding = enc) :
     Pandoc (>= 1.12.3) and/or pandoc-citeproc not available. Falling back to R Markdown v1.
    
    Attaching package: 'dplyr'
    
    The following objects are masked from 'package:stats':
    
     filter, lag
    
    The following objects are masked from 'package:base':
    
     intersect, setdiff, setequal, union
    
    Quitting from lines 62-65 (introducao-rcongresso.Rmd)
    Error: processing vignette 'introducao-rcongresso.Rmd' failed with diagnostics:
    there is no package called 'webshot'
    Execution halted
Flavor: r-patched-solaris-x86

Version: 0.4.6
Check: re-building of vignette outputs
Result: WARN
    Error in re-building vignettes:
     ...
    Warning in engine$weave(file, quiet = quiet, encoding = enc) :
     Pandoc (>= 1.12.3) and/or pandoc-citeproc not available. Falling back to R Markdown v1.
    
    Attaching package: 'dplyr'
    
    The following objects are masked from 'package:stats':
    
     filter, lag
    
    The following objects are masked from 'package:base':
    
     intersect, setdiff, setequal, union
    
    Quitting from lines 62-65 (introducao-rcongresso.Rmd)
    Error: processing vignette 'introducao-rcongresso.Rmd' failed with diagnostics:
    cannot open the connection
    Execution halted
Flavors: r-release-osx-x86_64, r-oldrel-osx-x86_64