CRAN Package Check Results for Package rcongresso

Last updated on 2018-01-17 10:48:34 CET.

Flavor Version Tinstall Tcheck Ttotal Status Flags
r-devel-linux-x86_64-debian-clang 0.3.1 0.96 72.52 73.48 OK
r-devel-linux-x86_64-debian-gcc 0.3.1 0.79 57.46 58.25 OK
r-devel-linux-x86_64-fedora-clang 0.3.1 84.26 OK
r-devel-linux-x86_64-fedora-gcc 0.3.1 81.65 OK
r-devel-windows-ix86+x86_64 0.3.1 4.00 417.00 421.00 OK
r-patched-linux-x86_64 0.3.1 0.77 69.83 70.60 OK
r-patched-solaris-x86 0.3.1 52.10 WARN
r-release-linux-x86_64 0.3.1 0.67 67.33 68.00 OK
r-release-windows-ix86+x86_64 0.3.1 4.00 347.00 351.00 OK
r-release-osx-x86_64 0.3.1 WARN
r-oldrel-windows-ix86+x86_64 0.3.1 5.00 407.00 412.00 OK
r-oldrel-osx-x86_64 0.3.1 WARN

Check Details

Version: 0.3.1
Check: re-building of vignette outputs
Result: WARN
    Error in re-building vignettes:
     ...
    Warning in engine$weave(file, quiet = quiet, encoding = enc) :
     Pandoc (>= 1.12.3) and/or pandoc-citeproc not available. Falling back to R Markdown v1.
    
    Attaching package: 'dplyr'
    
    The following objects are masked from 'package:stats':
    
     filter, lag
    
    The following objects are masked from 'package:base':
    
     intersect, setdiff, setequal, union
    
    Quitting from lines 62-65 (introducao-rcongresso.Rmd)
    Error: processing vignette 'introducao-rcongresso.Rmd' failed with diagnostics:
    cannot open the connection
    Execution halted
Flavors: r-patched-solaris-x86, r-release-osx-x86_64, r-oldrel-osx-x86_64