CRAN Package Check Results for Package rcongresso

Last updated on 2018-10-20 18:47:43 CEST.

Flavor Version Tinstall Tcheck Ttotal Status Flags
r-devel-linux-x86_64-debian-clang 0.4.6 1.49 20.11 21.60 OK --no-examples --no-tests --no-vignettes
r-devel-linux-x86_64-debian-gcc 0.4.6 1.36 16.08 17.44 OK --no-examples --no-tests --no-vignettes
r-devel-linux-x86_64-fedora-clang 0.4.6 43.29 OK
r-devel-linux-x86_64-fedora-gcc 0.4.6 38.69 OK
r-devel-windows-ix86+x86_64 0.4.6 6.00 319.00 325.00 OK
r-patched-linux-x86_64 0.4.6 1.31 18.15 19.46 OK --no-examples --no-tests --no-vignettes
r-patched-solaris-x86 0.4.6 47.00 ERROR
r-release-linux-x86_64 0.4.6 1.05 18.36 19.41 NOTE --no-examples --no-tests --no-vignettes
r-release-windows-ix86+x86_64 0.4.6 7.00 436.00 443.00 OK
r-release-osx-x86_64 0.4.6 WARN
r-oldrel-windows-ix86+x86_64 0.4.6 3.00 297.00 300.00 OK
r-oldrel-osx-x86_64 0.4.6 WARN

Check Details

Version: 0.4.6
Check: examples
Result: ERROR
    Running examples in ‘rcongresso-Ex.R’ failed
    The error most likely occurred in:
    
    > ### Name: fetch_deputado
    > ### Title: Retrieves details about a deputy
    > ### Aliases: fetch_deputado
    >
    > ### ** Examples
    >
    > abel_mesquita_info <- fetch_deputado(id = 178957)
    Error in curl::curl_fetch_memory(url, handle = handle) :
     Timeout was reached: Connection timed out after 10000 milliseconds
    Calls: fetch_deputado ... request_fetch -> request_fetch.write_memory -> <Anonymous>
    Execution halted
Flavor: r-patched-solaris-x86

Version: 0.4.6
Check: re-building of vignette outputs
Result: WARN
    Error in re-building vignettes:
     ...
    Warning in engine$weave(file, quiet = quiet, encoding = enc) :
     Pandoc (>= 1.12.3) and/or pandoc-citeproc not available. Falling back to R Markdown v1.
    
    Attaching package: 'dplyr'
    
    The following objects are masked from 'package:stats':
    
     filter, lag
    
    The following objects are masked from 'package:base':
    
     intersect, setdiff, setequal, union
    
    Quitting from lines 30-31 (introducao-rcongresso.Rmd)
    Error: processing vignette 'introducao-rcongresso.Rmd' failed with diagnostics:
    Timeout was reached: Operation timed out after 10000 milliseconds with 0 out of 0 bytes received
    Execution halted
Flavor: r-patched-solaris-x86

Version: 0.4.6
Flags: --no-examples --no-tests --no-vignettes
Check: package dependencies
Result: NOTE
    Package suggested but not available for checking: ‘DT’
Flavor: r-release-linux-x86_64

Version: 0.4.6
Check: re-building of vignette outputs
Result: WARN
    Error in re-building vignettes:
     ...
    Warning in engine$weave(file, quiet = quiet, encoding = enc) :
     Pandoc (>= 1.12.3) and/or pandoc-citeproc not available. Falling back to R Markdown v1.
    
    Attaching package: 'dplyr'
    
    The following objects are masked from 'package:stats':
    
     filter, lag
    
    The following objects are masked from 'package:base':
    
     intersect, setdiff, setequal, union
    
    Quitting from lines 62-65 (introducao-rcongresso.Rmd)
    Error: processing vignette 'introducao-rcongresso.Rmd' failed with diagnostics:
    cannot open the connection
    Execution halted
Flavors: r-release-osx-x86_64, r-oldrel-osx-x86_64