CRAN Package Check Results for Package openNLP

Last updated on 2018-10-20 18:47:38 CEST.

Flavor Version Tinstall Tcheck Ttotal Status Flags
r-devel-linux-x86_64-debian-clang 0.2-6 2.68 45.56 48.24 NOTE
r-devel-linux-x86_64-debian-gcc 0.2-6 2.26 36.31 38.57 NOTE
r-devel-linux-x86_64-fedora-clang 0.2-6 60.53 NOTE
r-devel-linux-x86_64-fedora-gcc 0.2-6 53.70 NOTE
r-devel-windows-ix86+x86_64 0.2-6 8.00 61.00 69.00 NOTE
r-patched-linux-x86_64 0.2-6 2.43 39.60 42.03 NOTE
r-patched-solaris-x86 0.2-6 61.10 NOTE
r-release-linux-x86_64 0.2-6 2.35 40.94 43.29 NOTE
r-release-windows-ix86+x86_64 0.2-6 5.00 58.00 63.00 NOTE
r-release-osx-x86_64 0.2-6 NOTE
r-oldrel-windows-ix86+x86_64 0.2-6 6.00 56.00 62.00 NOTE
r-oldrel-osx-x86_64 0.2-6 NOTE

Check Details

Version: 0.2-6
Check: package dependencies
Result: NOTE
    Package suggested but not available for checking: ‘openNLPmodels.en’
Flavors: r-devel-linux-x86_64-debian-clang, r-devel-linux-x86_64-debian-gcc, r-devel-linux-x86_64-fedora-clang, r-devel-linux-x86_64-fedora-gcc, r-devel-windows-ix86+x86_64, r-patched-linux-x86_64, r-patched-solaris-x86, r-release-linux-x86_64, r-release-windows-ix86+x86_64, r-release-osx-x86_64, r-oldrel-windows-ix86+x86_64, r-oldrel-osx-x86_64