CRAN Package Check Results for Package medflex

Last updated on 2018-07-20 02:51:29 CEST.

Flavor Version Tinstall Tcheck Ttotal Status Flags
r-devel-linux-x86_64-debian-clang 0.6-4 8.88 100.58 109.46 OK
r-devel-linux-x86_64-debian-gcc 0.6-4 6.65 85.45 92.10 OK
r-devel-linux-x86_64-fedora-clang 0.6-4 136.11 OK
r-devel-linux-x86_64-fedora-gcc 0.6-4 132.29 OK
r-devel-windows-ix86+x86_64 0.6-4 14.00 165.00 179.00 OK
r-patched-linux-x86_64 0.6-4 5.74 94.20 99.94 OK
r-patched-solaris-x86 0.6-4 176.60 OK
r-release-linux-x86_64 0.6-4 6.69 94.67 101.36 OK
r-release-windows-ix86+x86_64 0.6-4 20.00 154.00 174.00 OK
r-release-osx-x86_64 0.6-4 OK
r-oldrel-windows-ix86+x86_64 0.6-4 20.00 121.00 141.00 OK
r-oldrel-osx-x86_64 0.6-4 NOTE

Check Details

Version: 0.6-4
Check: re-building of vignette outputs
Result: NOTE
    Error in re-building vignettes:
     ...
    
    Effect decomposition on the scale of the linear predictor
    conditional on: gender, educ, age
    with x* = 0, x = 1
    
    Effect decomposition on exp(scale of the linear predictor)
    conditional on: gender, educ, age
    with x* = 0, x = 1
    
    Error in texi2dvi(file = file, pdf = TRUE, clean = clean, quiet = quiet, :
     Running 'texi2dvi' on 'medflex.tex' failed.
    LaTeX errors:
    ! LaTeX Error: File `nccmath.sty' not found.
    
    Type X to quit or <RETURN> to proceed,
    or enter new name. (Default extension: sty)
    
    ! Emergency stop.
    <read *>
    
    l.12 ^^M
    
    ! ==> Fatal error occurred, no output PDF file produced!
    Calls: buildVignettes -> texi2pdf -> texi2dvi
    Execution halted
Flavor: r-oldrel-osx-x86_64