CRAN Package Check Results for Package leaflet.minicharts

Last updated on 2018-01-20 02:49:13 CET.

Flavor Version Tinstall Tcheck Ttotal Status Flags
r-devel-linux-x86_64-debian-clang 0.5.2 1.48 38.91 40.39 OK
r-devel-linux-x86_64-debian-gcc 0.5.2 1.26 30.08 31.34 OK
r-devel-linux-x86_64-fedora-clang 0.5.2 47.60 OK
r-devel-linux-x86_64-fedora-gcc 0.5.2 45.21 OK
r-devel-windows-ix86+x86_64 0.5.2 5.00 59.00 64.00 OK
r-patched-linux-x86_64 0.5.2 1.66 37.42 39.08 OK
r-patched-solaris-x86 0.5.2 66.10 WARN
r-release-linux-x86_64 0.5.2 1.78 36.79 38.57 OK
r-release-windows-ix86+x86_64 0.5.2 8.00 56.00 64.00 OK
r-release-osx-x86_64 0.5.2 WARN
r-oldrel-windows-ix86+x86_64 0.5.2 8.00 67.00 75.00 OK
r-oldrel-osx-x86_64 0.5.2 WARN

Check Details

Version: 0.5.2
Check: re-building of vignette outputs
Result: WARN
    Error in re-building vignettes:
     ...
    Warning in engine$weave(file, quiet = quiet, encoding = enc) :
     Pandoc (>= 1.12.3) and/or pandoc-citeproc not available. Falling back to R Markdown v1.
    
    Attaching package: 'dplyr'
    
    The following objects are masked from 'package:stats':
    
     filter, lag
    
    The following objects are masked from 'package:base':
    
     intersect, setdiff, setequal, union
    
    Quitting from lines 67-77 (introduction.Rmd)
    Error: processing vignette 'introduction.Rmd' failed with diagnostics:
    cannot open the connection
    Execution halted
Flavors: r-patched-solaris-x86, r-release-osx-x86_64, r-oldrel-osx-x86_64