CRAN Package Check Results for Package leaflet.minicharts

Last updated on 2018-07-23 02:47:40 CEST.

Flavor Version Tinstall Tcheck Ttotal Status Flags
r-devel-linux-x86_64-debian-clang 0.5.4 2.67 33.94 36.61 OK
r-devel-linux-x86_64-debian-gcc 0.5.4 1.99 29.08 31.07 OK
r-devel-linux-x86_64-fedora-clang 0.5.4 45.30 OK
r-devel-linux-x86_64-fedora-gcc 0.5.4 42.79 OK
r-devel-windows-ix86+x86_64 0.5.4 8.00 54.00 62.00 OK
r-patched-linux-x86_64 0.5.4 OK
r-patched-solaris-x86 0.5.4 66.50 WARN
r-release-linux-x86_64 0.5.4 2.37 33.56 35.93 OK
r-release-windows-ix86+x86_64 0.5.4 4.00 54.00 58.00 OK
r-release-osx-x86_64 0.5.4 WARN
r-oldrel-windows-ix86+x86_64 0.5.4 5.00 93.00 98.00 OK
r-oldrel-osx-x86_64 0.5.4 WARN

Check Details

Version: 0.5.4
Check: re-building of vignette outputs
Result: WARN
    Error in re-building vignettes:
     ...
    Warning in engine$weave(file, quiet = quiet, encoding = enc) :
     Pandoc (>= 1.12.3) and/or pandoc-citeproc not available. Falling back to R Markdown v1.
    
    Attaching package: 'dplyr'
    
    The following objects are masked from 'package:stats':
    
     filter, lag
    
    The following objects are masked from 'package:base':
    
     intersect, setdiff, setequal, union
    
    Quitting from lines 67-77 (introduction.Rmd)
    Error: processing vignette 'introduction.Rmd' failed with diagnostics:
    cannot open the connection
    Execution halted
Flavors: r-patched-solaris-x86, r-release-osx-x86_64, r-oldrel-osx-x86_64