CRAN Package Check Results for Package leaflet.minicharts

Last updated on 2018-10-20 18:47:33 CEST.

Flavor Version Tinstall Tcheck Ttotal Status Flags
r-devel-linux-x86_64-debian-clang 0.5.4 2.58 37.57 40.15 OK
r-devel-linux-x86_64-debian-gcc 0.5.4 1.95 31.10 33.05 OK
r-devel-linux-x86_64-fedora-clang 0.5.4 46.55 OK
r-devel-linux-x86_64-fedora-gcc 0.5.4 44.39 OK
r-devel-windows-ix86+x86_64 0.5.4 8.00 80.00 88.00 OK
r-patched-linux-x86_64 0.5.4 2.27 33.23 35.50 OK
r-patched-solaris-x86 0.5.4 66.70 WARN
r-release-linux-x86_64 0.5.4 0.54 2.18 2.72 ERROR
r-release-windows-ix86+x86_64 0.5.4 8.00 76.00 84.00 OK
r-release-osx-x86_64 0.5.4 WARN
r-oldrel-windows-ix86+x86_64 0.5.4 5.00 79.00 84.00 OK
r-oldrel-osx-x86_64 0.5.4 WARN

Check Details

Version: 0.5.4
Check: re-building of vignette outputs
Result: WARN
    Error in re-building vignettes:
     ...
    Warning in engine$weave(file, quiet = quiet, encoding = enc) :
     Pandoc (>= 1.12.3) and/or pandoc-citeproc not available. Falling back to R Markdown v1.
    
    Attaching package: 'dplyr'
    
    The following objects are masked from 'package:stats':
    
     filter, lag
    
    The following objects are masked from 'package:base':
    
     intersect, setdiff, setequal, union
    
    Quitting from lines 67-77 (introduction.Rmd)
    Error: processing vignette 'introduction.Rmd' failed with diagnostics:
    cannot open the connection
    Execution halted
Flavors: r-patched-solaris-x86, r-release-osx-x86_64, r-oldrel-osx-x86_64

Version: 0.5.4
Check: package dependencies
Result: ERROR
    Package required but not available: ‘leaflet’
    
    Package suggested but not available for checking: ‘manipulateWidget’
    
    See section ‘The DESCRIPTION file’ in the ‘Writing R Extensions’
    manual.
Flavor: r-release-linux-x86_64