CRAN Package Check Results for Package leaflet.minicharts

Last updated on 2018-04-21 19:50:17 CEST.

Flavor Version Tinstall Tcheck Ttotal Status Flags
r-devel-linux-x86_64-debian-clang 0.5.2 1.53 33.52 35.05 OK
r-devel-linux-x86_64-debian-gcc 0.5.2 1.64 27.08 28.72 OK
r-devel-linux-x86_64-fedora-clang 0.5.2 42.31 OK
r-devel-linux-x86_64-fedora-gcc 0.5.2 40.07 OK
r-devel-windows-ix86+x86_64 0.5.2 8.00 52.00 60.00 OK
r-devel-osx-x86_64 0.5.2 WARN
r-patched-linux-x86_64 0.5.2 1.50 32.79 34.29 OK
r-patched-solaris-x86 0.5.2 65.20 WARN
r-release-linux-x86_64 0.5.2 1.72 37.42 39.14 OK
r-release-windows-ix86+x86_64 0.5.2 5.00 54.00 59.00 OK
r-release-osx-x86_64 0.5.2 WARN
r-oldrel-windows-ix86+x86_64 0.5.2 6.00 46.00 52.00 OK

Check Details

Version: 0.5.2
Check: re-building of vignette outputs
Result: WARN
    Error in re-building vignettes:
     ...
    Warning in engine$weave(file, quiet = quiet, encoding = enc) :
     Pandoc (>= 1.12.3) and/or pandoc-citeproc not available. Falling back to R Markdown v1.
    
    Attaching package: 'dplyr'
    
    The following objects are masked from 'package:stats':
    
     filter, lag
    
    The following objects are masked from 'package:base':
    
     intersect, setdiff, setequal, union
    
    Quitting from lines 67-77 (introduction.Rmd)
    Error: processing vignette 'introduction.Rmd' failed with diagnostics:
    cannot open the connection
    Execution halted
Flavors: r-devel-osx-x86_64, r-release-osx-x86_64

Version: 0.5.2
Check: re-building of vignette outputs
Result: WARN
    Error in re-building vignettes:
     ...
    Warning in engine$weave(file, quiet = quiet, encoding = enc) :
     Pandoc (>= 1.12.3) and/or pandoc-citeproc not available. Falling back to R Markdown v1.
    
    Attaching package: 'dplyr'
    
    The following objects are masked from 'package:stats':
    
     filter, lag
    
    The following objects are masked from 'package:base':
    
     intersect, setdiff, setequal, union
    
    Quitting from lines 67-77 (introduction.Rmd)
    Error: processing vignette 'introduction.Rmd' failed with diagnostics:
    there is no package called 'webshot'
    Execution halted
Flavor: r-patched-solaris-x86