CRAN Package Check Results for Package hypergeo

Last updated on 2018-04-21 19:50:05 CEST.

Flavor Version Tinstall Tcheck Ttotal Status Flags
r-devel-linux-x86_64-debian-clang 1.2-13 4.31 38.77 43.08 OK
r-devel-linux-x86_64-debian-gcc 1.2-13 3.19 30.11 33.30 OK
r-devel-linux-x86_64-fedora-clang 1.2-13 51.78 OK
r-devel-linux-x86_64-fedora-gcc 1.2-13 49.45 OK
r-devel-windows-ix86+x86_64 1.2-13 8.00 77.00 85.00 OK
r-devel-osx-x86_64 1.2-13 OK
r-patched-linux-x86_64 1.2-13 4.61 38.02 42.63 OK
r-patched-solaris-x86 1.2-13 76.80 OK
r-release-linux-x86_64 1.2-13 0.85 42.54 43.39 OK
r-release-windows-ix86+x86_64 1.2-13 3.00 79.00 82.00 OK
r-release-osx-x86_64 1.2-13 NOTE
r-oldrel-windows-ix86+x86_64 1.2-13 5.00 68.00 73.00 OK

Check Details

Version: 1.2-13
Check: re-building of vignette outputs
Result: NOTE
    Error in re-building vignettes:
     ...
    
    The following objects are masked from ‘package:stats’:
    
     sd, sigma
    
    The following object is masked from ‘package:base’:
    
     is.primitive
    
    Error in texi2dvi(file = file, pdf = TRUE, clean = clean, quiet = quiet, :
     Running 'texi2dvi' on 'hypergeometric.tex' failed.
    LaTeX errors:
    ! LaTeX Error: File `dsfont.sty' not found.
    
    Type X to quit or <RETURN> to proceed,
    or enter new name. (Default extension: sty)
    
    ! Emergency stop.
    <read *>
    
    l.4 \usepackage
     {bbm}^^M
    ! ==> Fatal error occurred, no output PDF file produced!
    Calls: buildVignettes -> texi2pdf -> texi2dvi
    Execution halted
Flavor: r-release-osx-x86_64