CRAN Package Check Results for Package hypergeo

Last updated on 2018-10-20 18:47:32 CEST.

Flavor Version Tinstall Tcheck Ttotal Status Flags
r-devel-linux-x86_64-debian-clang 1.2-13 3.28 41.07 44.35 OK
r-devel-linux-x86_64-debian-gcc 1.2-13 2.28 32.43 34.71 OK
r-devel-linux-x86_64-fedora-clang 1.2-13 55.32 OK
r-devel-linux-x86_64-fedora-gcc 1.2-13 51.97 OK
r-devel-windows-ix86+x86_64 1.2-13 9.00 59.00 68.00 OK
r-patched-linux-x86_64 1.2-13 3.14 38.80 41.94 OK
r-patched-solaris-x86 1.2-13 77.10 OK
r-release-linux-x86_64 1.2-13 2.96 38.42 41.38 OK
r-release-windows-ix86+x86_64 1.2-13 8.00 82.00 90.00 OK
r-release-osx-x86_64 1.2-13 OK
r-oldrel-windows-ix86+x86_64 1.2-13 3.00 88.00 91.00 OK
r-oldrel-osx-x86_64 1.2-13 NOTE

Check Details

Version: 1.2-13
Check: re-building of vignette outputs
Result: NOTE
    Error in re-building vignettes:
     ...
    
    The following objects are masked from ‘package:stats’:
    
     sd, sigma
    
    The following object is masked from ‘package:base’:
    
     is.primitive
    
    Error in texi2dvi(file = file, pdf = TRUE, clean = clean, quiet = quiet, :
     Running 'texi2dvi' on 'hypergeometric.tex' failed.
    LaTeX errors:
    ! LaTeX Error: File `dsfont.sty' not found.
    
    Type X to quit or <RETURN> to proceed,
    or enter new name. (Default extension: sty)
    
    ! Emergency stop.
    <read *>
    
    l.4 \usepackage
     {bbm}^^M
    ! ==> Fatal error occurred, no output PDF file produced!
    Calls: buildVignettes -> texi2pdf -> texi2dvi
    Execution halted
Flavor: r-oldrel-osx-x86_64