CRAN Package Check Results for Package git2r

Last updated on 2018-10-20 18:47:30 CEST.

Flavor Version Tinstall Tcheck Ttotal Status Flags
r-devel-linux-x86_64-debian-clang 0.23.0 81.31 53.18 134.49 OK
r-devel-linux-x86_64-debian-gcc 0.23.0 57.07 45.19 102.26 OK
r-devel-linux-x86_64-fedora-clang 0.23.0 164.33 OK
r-devel-linux-x86_64-fedora-gcc 0.23.0 152.47 OK
r-devel-windows-ix86+x86_64 0.23.0 101.00 227.00 328.00 NOTE
r-patched-linux-x86_64 0.23.0 70.33 50.19 120.52 OK
r-patched-solaris-x86 0.23.0 301.70 OK
r-release-linux-x86_64 0.23.0 70.36 51.63 121.99 OK
r-release-windows-ix86+x86_64 0.23.0 85.00 202.00 287.00 NOTE
r-release-osx-x86_64 0.23.0 OK
r-oldrel-windows-ix86+x86_64 0.23.0 67.00 230.00 297.00 NOTE
r-oldrel-osx-x86_64 0.23.0 OK

Check Details

Version: 0.23.0
Check: installed package size
Result: NOTE
     installed size is 6.3Mb
     sub-directories of 1Mb or more:
     libs 5.8Mb
Flavors: r-devel-windows-ix86+x86_64, r-release-windows-ix86+x86_64, r-oldrel-windows-ix86+x86_64