CRAN Package Check Results for Package git2r

Last updated on 2018-07-20 02:51:24 CEST.

Flavor Version Tinstall Tcheck Ttotal Status Flags
r-devel-linux-x86_64-debian-clang 0.23.0 76.94 46.54 123.48 OK
r-devel-linux-x86_64-debian-gcc 0.23.0 56.02 42.57 98.59 OK
r-devel-linux-x86_64-fedora-clang 0.23.0 162.35 OK
r-devel-linux-x86_64-fedora-gcc 0.23.0 149.05 OK
r-devel-windows-ix86+x86_64 0.23.0 63.00 142.00 205.00 NOTE
r-patched-linux-x86_64 0.23.0 70.66 51.30 121.96 OK
r-patched-solaris-x86 0.23.0 231.20 OK
r-release-linux-x86_64 0.23.0 70.88 51.91 122.79 OK
r-release-windows-ix86+x86_64 0.23.0 87.00 219.00 306.00 NOTE
r-release-osx-x86_64 0.23.0 OK
r-oldrel-windows-ix86+x86_64 0.23.0 65.00 170.00 235.00 NOTE
r-oldrel-osx-x86_64 0.23.0 OK

Check Details

Version: 0.23.0
Check: installed package size
Result: NOTE
     installed size is 6.3Mb
     sub-directories of 1Mb or more:
     libs 5.8Mb
Flavors: r-devel-windows-ix86+x86_64, r-release-windows-ix86+x86_64, r-oldrel-windows-ix86+x86_64