CRAN Package Check Results for Package furniture

Last updated on 2018-10-20 18:47:28 CEST.

Flavor Version Tinstall Tcheck Ttotal Status Flags
r-devel-linux-x86_64-debian-clang 1.8.0 4.05 54.66 58.71 OK
r-devel-linux-x86_64-debian-gcc 1.8.0 3.55 43.61 47.16 OK
r-devel-linux-x86_64-fedora-clang 1.8.0 70.37 NOTE
r-devel-linux-x86_64-fedora-gcc 1.8.0 66.55 NOTE
r-devel-windows-ix86+x86_64 1.8.0 11.00 95.00 106.00 OK
r-patched-linux-x86_64 1.8.0 4.18 48.72 52.90 OK
r-patched-solaris-x86 1.8.0 89.70 NOTE
r-release-linux-x86_64 1.8.0 3.14 48.76 51.90 OK
r-release-windows-ix86+x86_64 1.8.0 12.00 90.00 102.00 OK
r-release-osx-x86_64 1.8.0 NOTE
r-oldrel-windows-ix86+x86_64 1.8.0 5.00 101.00 106.00 OK
r-oldrel-osx-x86_64 1.8.0 NOTE

Check Details

Version: 1.8.0
Check: dependencies in R code
Result: NOTE
    Namespace in Imports field not imported from: ‘magrittr’
     All declared Imports should be used.
Flavors: r-devel-linux-x86_64-fedora-clang, r-devel-linux-x86_64-fedora-gcc, r-patched-solaris-x86, r-release-osx-x86_64, r-oldrel-osx-x86_64