CRAN Package Check Results for Package boxcoxmix

Last updated on 2018-01-17 19:49:38 CET.

Flavor Version Tinstall Tcheck Ttotal Status Flags
r-devel-linux-x86_64-debian-clang 0.15 2.12 83.52 85.64 NOTE
r-devel-linux-x86_64-debian-gcc 0.15 1.58 61.88 63.46 NOTE
r-devel-linux-x86_64-fedora-clang 0.15 97.31 NOTE
r-devel-linux-x86_64-fedora-gcc 0.15 95.90 NOTE
r-devel-windows-ix86+x86_64 0.15 4.00 102.00 106.00 OK
r-patched-linux-x86_64 0.15 1.81 85.87 87.68 OK
r-patched-solaris-x86 0.15 119.80 OK
r-release-linux-x86_64 0.15 1.87 82.79 84.66 OK
r-release-windows-ix86+x86_64 0.15 6.00 100.00 106.00 OK
r-release-osx-x86_64 0.15 OK
r-oldrel-windows-ix86+x86_64 0.15 8.00 105.00 113.00 OK
r-oldrel-osx-x86_64 0.15 OK

Check Details

Version: 0.15
Check: DESCRIPTION meta-information
Result: NOTE
    Dependence on R version ‘3.3.2’ not with patchlevel 0
Flavors: r-devel-linux-x86_64-debian-clang, r-devel-linux-x86_64-debian-gcc, r-devel-linux-x86_64-fedora-clang, r-devel-linux-x86_64-fedora-gcc