CRAN Package Check Results for Package bigstatsr

Last updated on 2018-01-17 10:48:06 CET.

Flavor Version Tinstall Tcheck Ttotal Status Flags
r-devel-linux-x86_64-debian-clang 0.2.3 144.43 147.57 292.00 ERROR
r-devel-linux-x86_64-debian-gcc 0.2.3 118.34 108.79 227.13 ERROR
r-devel-linux-x86_64-fedora-clang 0.2.3 431.35 NOTE
r-devel-linux-x86_64-fedora-gcc 0.2.3 433.75 NOTE
r-devel-windows-ix86+x86_64 0.2.3 503.00 325.00 828.00 NOTE
r-patched-linux-x86_64 0.2.3 147.85 146.28 294.13 ERROR
r-patched-solaris-x86 0.2.3 534.30 OK
r-release-linux-x86_64 0.2.3 141.02 150.82 291.84 ERROR
r-release-windows-ix86+x86_64 0.2.3 382.00 321.00 703.00 NOTE
r-release-osx-x86_64 0.2.3 NOTE
r-oldrel-windows-ix86+x86_64 0.2.3 492.00 316.00 808.00 NOTE
r-oldrel-osx-x86_64 0.2.3 NOTE

Check Details

Version: 0.2.3
Check: whether package can be installed
Result: WARN
    Found the following significant warnings:
     /home/hornik/tmp/R.check/r-devel-clang/Work/build/Packages/BH/include/boost/interprocess/mapped_region.hpp:351:63: warning: result of comparison 'boost::uintmax_t' (aka 'unsigned long') > 18446744073709551615 is always false [-Wtautological-constant-compare]
Flavor: r-devel-linux-x86_64-debian-clang

Version: 0.2.3
Check: DESCRIPTION meta-information
Result: NOTE
    Dependence on R version ‘3.3.2’ not with patchlevel 0
Flavors: r-devel-linux-x86_64-debian-clang, r-devel-linux-x86_64-debian-gcc, r-devel-linux-x86_64-fedora-clang, r-devel-linux-x86_64-fedora-gcc

Version: 0.2.3
Check: examples
Result: ERROR
    Running examples in ‘bigstatsr-Ex.R’ failed
    The error most likely occurred in:
    
    > base::assign(".ptime", proc.time(), pos = "CheckExEnv")
    > ### Name: asPlotlyText
    > ### Title: Plotly text
    > ### Aliases: asPlotlyText
    >
    > ### ** Examples
    >
    > set.seed(1)
    >
    > X <- big_attachExtdata()
    > svd <- big_SVD(X, big_scale(), k = 10)
    Error in getXPtrFBM(.self$backingfile, .self$nrow, .self$ncol, .self$type) :
     File '/home/hornik/tmp/R.check/r-devel-clang/Work/build/Packages/bigstatsr/extdata/example.bk' not found.
    Calls: big_SVD ... extractVec -> $ -> $ -> get -> <Anonymous> -> getXPtrFBM
    Execution halted
Flavor: r-devel-linux-x86_64-debian-clang

Version: 0.2.3
Check: examples
Result: ERROR
    Running examples in ‘bigstatsr-Ex.R’ failed
    The error most likely occurred in:
    
    > base::assign(".ptime", proc.time(), pos = "CheckExEnv")
    > ### Name: asPlotlyText
    > ### Title: Plotly text
    > ### Aliases: asPlotlyText
    >
    > ### ** Examples
    >
    > set.seed(1)
    >
    > X <- big_attachExtdata()
    > svd <- big_SVD(X, big_scale(), k = 10)
    Error in getXPtrFBM(.self$backingfile, .self$nrow, .self$ncol, .self$type) :
     File '/home/hornik/tmp/R.check/r-devel-gcc/Work/build/Packages/bigstatsr/extdata/example.bk' not found.
    Calls: big_SVD ... extractVec -> $ -> $ -> get -> <Anonymous> -> getXPtrFBM
    Execution halted
Flavor: r-devel-linux-x86_64-debian-gcc

Version: 0.2.3
Check: installed package size
Result: NOTE
     installed size is 10.1Mb
     sub-directories of 1Mb or more:
     extdata 2.3Mb
     libs 7.0Mb
Flavors: r-devel-linux-x86_64-fedora-clang, r-devel-linux-x86_64-fedora-gcc, r-devel-windows-ix86+x86_64, r-release-windows-ix86+x86_64, r-release-osx-x86_64, r-oldrel-windows-ix86+x86_64, r-oldrel-osx-x86_64

Version: 0.2.3
Check: examples
Result: ERROR
    Running examples in ‘bigstatsr-Ex.R’ failed
    The error most likely occurred in:
    
    > base::assign(".ptime", proc.time(), pos = "CheckExEnv")
    > ### Name: asPlotlyText
    > ### Title: Plotly text
    > ### Aliases: asPlotlyText
    >
    > ### ** Examples
    >
    > set.seed(1)
    >
    > X <- big_attachExtdata()
    > svd <- big_SVD(X, big_scale(), k = 10)
    Error in getXPtrFBM(.self$backingfile, .self$nrow, .self$ncol, .self$type) :
     File '/home/hornik/tmp/R.check/r-patched-gcc/Work/build/Packages/bigstatsr/extdata/example.bk' not found.
    Calls: big_SVD ... extractVec -> $ -> $ -> get -> <Anonymous> -> getXPtrFBM
    Execution halted
Flavor: r-patched-linux-x86_64

Version: 0.2.3
Check: examples
Result: ERROR
    Running examples in ‘bigstatsr-Ex.R’ failed
    The error most likely occurred in:
    
    > base::assign(".ptime", proc.time(), pos = "CheckExEnv")
    > ### Name: asPlotlyText
    > ### Title: Plotly text
    > ### Aliases: asPlotlyText
    >
    > ### ** Examples
    >
    > set.seed(1)
    >
    > X <- big_attachExtdata()
    > svd <- big_SVD(X, big_scale(), k = 10)
    Error in getXPtrFBM(.self$backingfile, .self$nrow, .self$ncol, .self$type) :
     File '/home/hornik/tmp/R.check/r-release-gcc/Work/build/Packages/bigstatsr/extdata/example.bk' not found.
    Calls: big_SVD ... extractVec -> $ -> $ -> get -> <Anonymous> -> getXPtrFBM
    Execution halted
Flavor: r-release-linux-x86_64