CRAN Package Check Results for Package basictabler

Last updated on 2018-01-17 10:48:05 CET.

Flavor Version Tinstall Tcheck Ttotal Status Flags
r-devel-linux-x86_64-debian-clang 0.1.0 1.36 67.98 69.34 OK
r-devel-linux-x86_64-debian-gcc 0.1.0 1.71 51.95 53.66 OK
r-devel-linux-x86_64-fedora-clang 0.1.0 77.04 NOTE
r-devel-linux-x86_64-fedora-gcc 0.1.0 77.86 NOTE
r-devel-windows-ix86+x86_64 0.1.0 9.00 72.00 81.00 OK
r-patched-linux-x86_64 0.1.0 2.18 65.54 67.72 OK
r-patched-solaris-x86 0.1.0 83.40 WARN
r-release-linux-x86_64 0.1.0 1.82 66.07 67.89 OK
r-release-windows-ix86+x86_64 0.1.0 6.00 77.00 83.00 OK
r-release-osx-x86_64 0.1.0 WARN
r-oldrel-windows-ix86+x86_64 0.1.0 8.00 69.00 77.00 OK
r-oldrel-osx-x86_64 0.1.0 WARN

Check Details

Version: 0.1.0
Check: dependencies in R code
Result: NOTE
    Namespace in Imports field not imported from: ‘dplyr’
     All declared Imports should be used.
Flavors: r-devel-linux-x86_64-fedora-clang, r-devel-linux-x86_64-fedora-gcc, r-patched-solaris-x86, r-release-osx-x86_64, r-oldrel-osx-x86_64

Version: 0.1.0
Check: re-building of vignette outputs
Result: WARN
    Error in re-building vignettes:
     ...
    Warning in engine$weave(file, quiet = quiet, encoding = enc) :
     Pandoc (>= 1.12.3) and/or pandoc-citeproc not available. Falling back to R Markdown v1.
    PhantomJS not found. You can install it with webshot::install_phantomjs(). If it is installed, please make sure the phantomjs executable can be found via the PATH variable.
    Quitting from lines 46-49 (v01-introduction.Rmd)
    Error: processing vignette 'v01-introduction.Rmd' failed with diagnostics:
    cannot open the connection
    Execution halted
Flavors: r-patched-solaris-x86, r-release-osx-x86_64, r-oldrel-osx-x86_64