CRAN Package Check Results for Package PBSddesolve

Last updated on 2018-10-20 18:47:40 CEST.

Flavor Version Tinstall Tcheck Ttotal Status Flags
r-devel-linux-x86_64-debian-clang 1.12.2 2.63 24.14 26.77 OK
r-devel-linux-x86_64-debian-gcc 1.12.2 1.97 19.40 21.37 OK
r-devel-linux-x86_64-fedora-clang 1.12.2 31.84 NOTE
r-devel-linux-x86_64-fedora-gcc 1.12.2 30.79 NOTE
r-devel-windows-ix86+x86_64 1.12.2 12.00 46.00 58.00 OK
r-patched-linux-x86_64 1.12.2 2.25 22.57 24.82 OK
r-patched-solaris-x86 1.12.2 42.90 OK
r-release-linux-x86_64 1.12.2 2.36 22.77 25.13 OK
r-release-windows-ix86+x86_64 1.12.2 10.00 58.00 68.00 OK
r-release-osx-x86_64 1.12.2 OK
r-oldrel-windows-ix86+x86_64 1.12.2 8.00 53.00 61.00 OK
r-oldrel-osx-x86_64 1.12.2 OK

Additional issues

rchk

Check Details

Version: 1.12.2
Check: compiled code
Result: NOTE
    File ‘PBSddesolve/libs/PBSddesolve.so’:
     Found no calls to: ‘R_registerRoutines’, ‘R_useDynamicSymbols’
    
    It is good practice to register native routines and to disable symbol
    search.
    
    See ‘Writing portable packages’ in the ‘Writing R Extensions’ manual.
Flavors: r-devel-linux-x86_64-fedora-clang, r-devel-linux-x86_64-fedora-gcc