CRAN Package Check Results for Package OasisR

Last updated on 2018-01-17 19:49:58 CET.

Flavor Version Tinstall Tcheck Ttotal Status Flags
r-devel-linux-x86_64-debian-clang 3.0.0 2.99 120.08 123.07 NOTE
r-devel-linux-x86_64-debian-gcc 3.0.0 3.59 91.66 95.25 NOTE
r-devel-linux-x86_64-fedora-clang 3.0.0 138.05 NOTE
r-devel-linux-x86_64-fedora-gcc 3.0.0 141.04 NOTE
r-devel-windows-ix86+x86_64 3.0.0 8.00 119.00 127.00 OK
r-patched-linux-x86_64 3.0.0 4.11 120.25 124.36 OK
r-patched-solaris-x86 3.0.0 185.60 OK
r-release-linux-x86_64 3.0.0 4.29 112.22 116.51 OK
r-release-windows-ix86+x86_64 3.0.0 6.00 115.00 121.00 OK
r-release-osx-x86_64 3.0.0 OK
r-oldrel-windows-ix86+x86_64 2.0.1 8.00 133.00 141.00 OK
r-oldrel-osx-x86_64 3.0.0 ERROR

Check Details

Version: 3.0.0
Check: DESCRIPTION meta-information
Result: NOTE
    Dependence on R version ‘3.4.1’ not with patchlevel 0
Flavors: r-devel-linux-x86_64-debian-clang, r-devel-linux-x86_64-debian-gcc, r-devel-linux-x86_64-fedora-clang, r-devel-linux-x86_64-fedora-gcc

Version: 3.0.0
Check: whether package can be installed
Result: ERROR
    Installation failed.
Flavor: r-oldrel-osx-x86_64