CRAN Package Check Results for Package OasisR

Last updated on 2018-07-20 02:51:33 CEST.

Flavor Version Tinstall Tcheck Ttotal Status Flags
r-devel-linux-x86_64-debian-clang 3.0.0 6.72 103.09 109.81 NOTE
r-devel-linux-x86_64-debian-gcc 3.0.0 7.75 95.83 103.58 NOTE
r-devel-linux-x86_64-fedora-clang 3.0.0 143.67 NOTE
r-devel-linux-x86_64-fedora-gcc 3.0.0 148.88 NOTE
r-devel-windows-ix86+x86_64 3.0.0 9.00 170.00 179.00 OK
r-patched-linux-x86_64 3.0.0 7.97 114.98 122.95 NOTE
r-patched-solaris-x86 3.0.0 186.10 OK
r-release-linux-x86_64 3.0.0 6.17 114.65 120.82 NOTE
r-release-windows-ix86+x86_64 3.0.0 15.00 162.00 177.00 OK
r-release-osx-x86_64 3.0.0 OK
r-oldrel-windows-ix86+x86_64 3.0.0 11.00 117.00 128.00 OK
r-oldrel-osx-x86_64 3.0.0 OK

Check Details

Version: 3.0.0
Check: DESCRIPTION meta-information
Result: NOTE
    Dependence on R version ‘3.4.1’ not with patchlevel 0
Flavors: r-devel-linux-x86_64-debian-clang, r-devel-linux-x86_64-debian-gcc, r-devel-linux-x86_64-fedora-clang, r-devel-linux-x86_64-fedora-gcc, r-patched-linux-x86_64, r-release-linux-x86_64