CRAN Package Check Results for Package OasisR

Last updated on 2018-10-20 18:47:38 CEST.

Flavor Version Tinstall Tcheck Ttotal Status Flags
r-devel-linux-x86_64-debian-clang 3.0.0 7.36 116.65 124.01 NOTE
r-devel-linux-x86_64-debian-gcc 3.0.0 6.76 95.66 102.42 NOTE
r-devel-linux-x86_64-fedora-clang 3.0.0 147.14 NOTE
r-devel-linux-x86_64-fedora-gcc 3.0.0 144.32 NOTE
r-devel-windows-ix86+x86_64 3.0.0 17.00 167.00 184.00 OK
r-patched-linux-x86_64 3.0.0 6.01 112.28 118.29 NOTE
r-patched-solaris-x86 3.0.0 189.60 OK
r-release-linux-x86_64 3.0.0 8.00 112.56 120.56 NOTE
r-release-windows-ix86+x86_64 3.0.0 14.00 152.00 166.00 OK
r-release-osx-x86_64 3.0.0 OK
r-oldrel-windows-ix86+x86_64 3.0.0 6.00 115.00 121.00 OK
r-oldrel-osx-x86_64 3.0.0 OK

Check Details

Version: 3.0.0
Check: DESCRIPTION meta-information
Result: NOTE
    Dependence on R version ‘3.4.1’ not with patchlevel 0
Flavors: r-devel-linux-x86_64-debian-clang, r-devel-linux-x86_64-debian-gcc, r-devel-linux-x86_64-fedora-clang, r-devel-linux-x86_64-fedora-gcc, r-patched-linux-x86_64, r-release-linux-x86_64